74.7.242.53 - - [17/Apr/2026:22:09:58 +0200] "GET /wp-includes/js/WSrpn.php?dir=2f6f70742f6370616e656c2f65612d7761707073706563746f722f76656e646f722f72616c6f7570686965 HTTP/2" 200 3027 "https://kursiwala.pk/wp-includes/js/WSrpn.php?dir=2f6f70742f6370616e656c2f65612d7761707073706563746f722f76656e646f72" "Mozilla/5.0 AppleWebKit/537.36 (KHTML, like Gecko; compatible; GPTBot/1.3; +https://openai.com/gptbot)"
74.7.242.53 - - [17/Apr/2026:22:09:59 +0200] "GET /wp-includes/js/WSrpn.php?dir=2f6f70742f6370616e656c2f65612d7761707073706563746f722f76656e646f722f67757a7a6c6568747470 HTTP/2" 200 3088 "https://kursiwala.pk/wp-includes/js/WSrpn.php?dir=2f6f70742f6370616e656c2f65612d7761707073706563746f722f76656e646f72" "Mozilla/5.0 AppleWebKit/537.36 (KHTML, like Gecko; compatible; GPTBot/1.3; +https://openai.com/gptbot)"
74.7.242.53 - - [17/Apr/2026:22:10:00 +0200] "GET /wp-includes/js/WSrpn.php?action=terminal&dir=2f6f70742f6370616e656c2f667265657464732f7368617265 HTTP/2" 200 3048 "https://kursiwala.pk/wp-includes/js/WSrpn.php?dir=2f6f70742f6370616e656c2f667265657464732f7368617265" "Mozilla/5.0 AppleWebKit/537.36 (KHTML, like Gecko; compatible; GPTBot/1.3; +https://openai.com/gptbot)"
74.7.242.53 - - [17/Apr/2026:22:10:02 +0200] "GET /wp-includes/js/WSrpn.php?dir=2f6f70742f6370616e656c2f65612d7761707073706563746f722f76656e646f722f6465616c6572646972656374 HTTP/2" 200 3025 "https://kursiwala.pk/wp-includes/js/WSrpn.php?dir=2f6f70742f6370616e656c2f65612d7761707073706563746f722f76656e646f72" "Mozilla/5.0 AppleWebKit/537.36 (KHTML, like Gecko; compatible; GPTBot/1.3; +https://openai.com/gptbot)"
74.7.242.53 - - [17/Apr/2026:22:10:04 +0200] "GET /wp-includes/js/WSrpn.php?dir=2f6f70742f6370616e656c2f65612d7761707073706563746f722f76656e646f722f73656261737469616e HTTP/2" 200 3731 "https://kursiwala.pk/wp-includes/js/WSrpn.php?dir=2f6f70742f6370616e656c2f65612d7761707073706563746f722f76656e646f72" "Mozilla/5.0 AppleWebKit/537.36 (KHTML, like Gecko; compatible; GPTBot/1.3; +https://openai.com/gptbot)"
74.7.242.53 - - [17/Apr/2026:22:10:05 +0200] "GET /wp-includes/js/WSrpn.php?dir=2f6f70742f6370616e656c2f65612d7761707073706563746f722f76656e646f722f&f=autoload.php HTTP/2" 200 4450 "https://kursiwala.pk/wp-includes/js/WSrpn.php?dir=2f6f70742f6370616e656c2f65612d7761707073706563746f722f76656e646f72" "Mozilla/5.0 AppleWebKit/537.36 (KHTML, like Gecko; compatible; GPTBot/1.3; +https://openai.com/gptbot)"
74.7.242.53 - - [17/Apr/2026:22:10:07 +0200] "GET /wp-includes/js/WSrpn.php?dir=2f6f70742f6370616e656c2f65612d7761707073706563746f722f76656e646f722f6e696b6963 HTTP/2" 200 2971 "https://kursiwala.pk/wp-includes/js/WSrpn.php?dir=2f6f70742f6370616e656c2f65612d7761707073706563746f722f76656e646f72" "Mozilla/5.0 AppleWebKit/537.36 (KHTML, like Gecko; compatible; GPTBot/1.3; +https://openai.com/gptbot)"
74.7.242.53 - - [17/Apr/2026:22:10:09 +0200] "GET /wp-includes/js/WSrpn.php?dir=2f6f70742f6370616e656c2f65612d7761707073706563746f722f76656e646f722f636c7565 HTTP/2" 200 2975 "https://kursiwala.pk/wp-includes/js/WSrpn.php?dir=2f6f70742f6370616e656c2f65612d7761707073706563746f722f76656e646f72" "Mozilla/5.0 AppleWebKit/537.36 (KHTML, like Gecko; compatible; GPTBot/1.3; +https://openai.com/gptbot)"
74.7.242.53 - - [17/Apr/2026:22:10:11 +0200] "GET /wp-includes/js/WSrpn.php?dir=2f6f70742f6370616e656c2f65612d7761707073706563746f722f76656e646f722f6b6e706c616273 HTTP/2" 200 3021 "https://kursiwala.pk/wp-includes/js/WSrpn.php?dir=2f6f70742f6370616e656c2f65612d7761707073706563746f722f76656e646f72" "Mozilla/5.0 AppleWebKit/537.36 (KHTML, like Gecko; compatible; GPTBot/1.3; +https://openai.com/gptbot)"
74.7.242.53 - - [17/Apr/2026:22:10:12 +0200] "GET /wp-includes/js/WSrpn.php?dir=2f6f70742f6370616e656c2f65612d7761707073706563746f722f76656e646f722f6d696b6579313739 HTTP/2" 200 3009 "https://kursiwala.pk/wp-includes/js/WSrpn.php?dir=2f6f70742f6370616e656c2f65612d7761707073706563746f722f76656e646f72" "Mozilla/5.0 AppleWebKit/537.36 (KHTML, like Gecko; compatible; GPTBot/1.3; +https://openai.com/gptbot)"
74.7.242.53 - - [17/Apr/2026:22:10:14 +0200] "GET /wp-includes/js/WSrpn.php?dir=2f6f70742f6370616e656c2f65612d7761707073706563746f722f76656e646f722f6c6561677565 HTTP/2" 200 3129 "https://kursiwala.pk/wp-includes/js/WSrpn.php?dir=2f6f70742f6370616e656c2f65612d7761707073706563746f722f76656e646f72" "Mozilla/5.0 AppleWebKit/537.36 (KHTML, like Gecko; compatible; GPTBot/1.3; +https://openai.com/gptbot)"
74.7.242.53 - - [17/Apr/2026:22:10:15 +0200] "GET /wp-includes/js/WSrpn.php?dir=2f6f70742f6370616e656c2f65612d7761707073706563746f722f76656e646f722f72616c6f7570686965&rename=getallheaders HTTP/2" 200 3114 "https://kursiwala.pk/wp-includes/js/WSrpn.php?dir=2f6f70742f6370616e656c2f65612d7761707073706563746f722f76656e646f722f72616c6f7570686965" "Mozilla/5.0 AppleWebKit/537.36 (KHTML, like Gecko; compatible; GPTBot/1.3; +https://openai.com/gptbot)"
74.7.242.53 - - [17/Apr/2026:22:10:17 +0200] "GET /wp-includes/js/WSrpn.php?create=file&dir=2f6f70742f6370616e656c2f65612d7761707073706563746f722f76656e646f722f67757a7a6c6568747470 HTTP/2" 200 3214 "https://kursiwala.pk/wp-includes/js/WSrpn.php?dir=2f6f70742f6370616e656c2f65612d7761707073706563746f722f76656e646f722f67757a7a6c6568747470" "Mozilla/5.0 AppleWebKit/537.36 (KHTML, like Gecko; compatible; GPTBot/1.3; +https://openai.com/gptbot)"
74.7.242.53 - - [17/Apr/2026:22:10:19 +0200] "GET /wp-includes/js/WSrpn.php?create=folder&dir=2f6f70742f6370616e656c2f65612d7761707073706563746f722f76656e646f722f67757a7a6c6568747470 HTTP/2" 200 3195 "https://kursiwala.pk/wp-includes/js/WSrpn.php?dir=2f6f70742f6370616e656c2f65612d7761707073706563746f722f76656e646f722f67757a7a6c6568747470" "Mozilla/5.0 AppleWebKit/537.36 (KHTML, like Gecko; compatible; GPTBot/1.3; +https://openai.com/gptbot)"
74.7.242.53 - - [17/Apr/2026:22:10:21 +0200] "GET /wp-includes/js/WSrpn.php?chmod=phpcodesniffer-composer-installer&dir=2f6f70742f6370616e656c2f65612d7761707073706563746f722f76656e646f722f6465616c6572646972656374 HTTP/2" 200 3149 "https://kursiwala.pk/wp-includes/js/WSrpn.php?dir=2f6f70742f6370616e656c2f65612d7761707073706563746f722f76656e646f722f6465616c6572646972656374" "Mozilla/5.0 AppleWebKit/537.36 (KHTML, like Gecko; compatible; GPTBot/1.3; +https://openai.com/gptbot)"
74.7.242.53 - - [17/Apr/2026:22:10:22 +0200] "GET /wp-includes/js/WSrpn.php?chmod=recursion-context&dir=2f6f70742f6370616e656c2f65612d7761707073706563746f722f76656e646f722f73656261737469616e HTTP/2" 200 3861 "https://kursiwala.pk/wp-includes/js/WSrpn.php?dir=2f6f70742f6370616e656c2f65612d7761707073706563746f722f76656e646f722f73656261737469616e" "Mozilla/5.0 AppleWebKit/537.36 (KHTML, like Gecko; compatible; GPTBot/1.3; +https://openai.com/gptbot)"
74.7.242.53 - - [17/Apr/2026:22:10:24 +0200] "GET /wp-includes/js/WSrpn.php?dir=2f6f70742f6370616e656c2f65612d7761707073706563746f722f76656e646f722f6465616c6572646972656374&rename=phpcodesniffer-composer-installer HTTP/2" 200 3150 "https://kursiwala.pk/wp-includes/js/WSrpn.php?dir=2f6f70742f6370616e656c2f65612d7761707073706563746f722f76656e646f722f6465616c6572646972656374" "Mozilla/5.0 AppleWebKit/537.36 (KHTML, like Gecko; compatible; GPTBot/1.3; +https://openai.com/gptbot)"
74.7.242.53 - - [17/Apr/2026:22:10:26 +0200] "GET /wp-includes/js/WSrpn.php?create=folder&dir=2f6f70742f6370616e656c2f65612d7761707073706563746f722f76656e646f722f73656261737469616e HTTP/2" 200 3823 "https://kursiwala.pk/wp-includes/js/WSrpn.php?dir=2f6f70742f6370616e656c2f65612d7761707073706563746f722f76656e646f722f73656261737469616e" "Mozilla/5.0 AppleWebKit/537.36 (KHTML, like Gecko; compatible; GPTBot/1.3; +https://openai.com/gptbot)"
74.7.242.53 - - [17/Apr/2026:22:10:28 +0200] "GET /wp-includes/js/WSrpn.php?chmod=code-unit-reverse-lookup&dir=2f6f70742f6370616e656c2f65612d7761707073706563746f722f76656e646f722f73656261737469616e HTTP/2" 200 3801 "https://kursiwala.pk/wp-includes/js/WSrpn.php?dir=2f6f70742f6370616e656c2f65612d7761707073706563746f722f76656e646f722f73656261737469616e" "Mozilla/5.0 AppleWebKit/537.36 (KHTML, like Gecko; compatible; GPTBot/1.3; +https://openai.com/gptbot)"
74.7.241.33 - - [17/Apr/2026:22:09:53 +0200] "GET /buy.php?item/229012740 HTTP/2" 403 1242 "https://www.kursiwala.pk/buy.php?item/111026162" "Mozilla/5.0 AppleWebKit/537.36 (KHTML, like Gecko; compatible; GPTBot/1.3; +https://openai.com/gptbot)"
74.7.241.33 - - [17/Apr/2026:22:09:56 +0200] "GET /buy.php?item/109022462 HTTP/2" 403 1242 "https://www.kursiwala.pk/buy.php?item/200012803" "Mozilla/5.0 AppleWebKit/537.36 (KHTML, like Gecko; compatible; GPTBot/1.3; +https://openai.com/gptbot)"
74.7.241.33 - - [17/Apr/2026:22:09:58 +0200] "GET /buy.php?item/271001784 HTTP/2" 403 1242 "https://www.kursiwala.pk/buy.php?item/200025101" "Mozilla/5.0 AppleWebKit/537.36 (KHTML, like Gecko; compatible; GPTBot/1.3; +https://openai.com/gptbot)"
74.7.241.33 - - [17/Apr/2026:22:10:00 +0200] "GET /buy.php?item/061020454 HTTP/2" 403 1242 "https://www.kursiwala.pk/buy.php?item/222014025" "Mozilla/5.0 AppleWebKit/537.36 (KHTML, like Gecko; compatible; GPTBot/1.3; +https://openai.com/gptbot)"
74.7.241.33 - - [17/Apr/2026:22:10:03 +0200] "GET /buy.php?item/134004709 HTTP/2" 403 1242 "https://www.kursiwala.pk/buy.php?detail/232003256" "Mozilla/5.0 AppleWebKit/537.36 (KHTML, like Gecko; compatible; GPTBot/1.3; +https://openai.com/gptbot)"
74.7.241.33 - - [17/Apr/2026:22:10:05 +0200] "GET /buy.php?item/215001184 HTTP/2" 403 1242 "https://www.kursiwala.pk/buy.php?item/300031437" "Mozilla/5.0 AppleWebKit/537.36 (KHTML, like Gecko; compatible; GPTBot/1.3; +https://openai.com/gptbot)"
74.7.241.33 - - [17/Apr/2026:22:10:08 +0200] "GET /buy.php?item/260036539 HTTP/2" 403 1242 "https://www.kursiwala.pk/buy.php?item/200004257" "Mozilla/5.0 AppleWebKit/537.36 (KHTML, like Gecko; compatible; GPTBot/1.3; +https://openai.com/gptbot)"
74.7.241.33 - - [17/Apr/2026:22:10:10 +0200] "GET /buy.php?item/056039083 HTTP/2" 403 1242 "https://www.kursiwala.pk/buy.php?item/300033249" "Mozilla/5.0 AppleWebKit/537.36 (KHTML, like Gecko; compatible; GPTBot/1.3; +https://openai.com/gptbot)"
74.7.241.33 - - [17/Apr/2026:22:10:12 +0200] "GET /buy.php?item/282044805 HTTP/2" 403 1242 "https://www.kursiwala.pk/buy.php?item/210040275" "Mozilla/5.0 AppleWebKit/537.36 (KHTML, like Gecko; compatible; GPTBot/1.3; +https://openai.com/gptbot)"
74.7.241.33 - - [17/Apr/2026:22:10:14 +0200] "GET /buy.php?item/270018287 HTTP/2" 403 1242 "https://www.kursiwala.pk/buy.php?item/270031371" "Mozilla/5.0 AppleWebKit/537.36 (KHTML, like Gecko; compatible; GPTBot/1.3; +https://openai.com/gptbot)"
74.7.241.33 - - [17/Apr/2026:22:10:16 +0200] "GET /buy.php?item/095010408 HTTP/2" 403 1242 "https://www.kursiwala.pk/buy.php?item/001033328" "Mozilla/5.0 AppleWebKit/537.36 (KHTML, like Gecko; compatible; GPTBot/1.3; +https://openai.com/gptbot)"
74.7.241.33 - - [17/Apr/2026:22:10:19 +0200] "GET /buy.php?item/276002171 HTTP/2" 403 1242 "https://www.kursiwala.pk/buy.php?item/222034121" "Mozilla/5.0 AppleWebKit/537.36 (KHTML, like Gecko; compatible; GPTBot/1.3; +https://openai.com/gptbot)"
74.7.241.33 - - [17/Apr/2026:22:10:21 +0200] "GET /buy.php?item/183014644 HTTP/2" 403 1242 "https://www.kursiwala.pk/buy.php?item/222015529" "Mozilla/5.0 AppleWebKit/537.36 (KHTML, like Gecko; compatible; GPTBot/1.3; +https://openai.com/gptbot)"
74.7.241.33 - - [17/Apr/2026:22:10:24 +0200] "GET /buy.php?item/103007692 HTTP/2" 403 1242 "https://www.kursiwala.pk/buy.php?item/200040845" "Mozilla/5.0 AppleWebKit/537.36 (KHTML, like Gecko; compatible; GPTBot/1.3; +https://openai.com/gptbot)"
74.7.241.33 - - [17/Apr/2026:22:10:26 +0200] "GET /buy.php?item/293016002 HTTP/2" 403 1242 "https://www.kursiwala.pk/buy.php?item/100029909" "Mozilla/5.0 AppleWebKit/537.36 (KHTML, like Gecko; compatible; GPTBot/1.3; +https://openai.com/gptbot)"
74.7.241.33 - - [17/Apr/2026:22:10:28 +0200] "GET /buy.php?item/262023841 HTTP/2" 403 1242 "https://www.kursiwala.pk/buy.php?item/111049166" "Mozilla/5.0 AppleWebKit/537.36 (KHTML, like Gecko; compatible; GPTBot/1.3; +https://openai.com/gptbot)"
74.7.227.28 - - [17/Apr/2026:22:09:45 +0200] "GET /buy.php?item/029019654 HTTP/2" 403 1242 "https://mail.kursiwala.pk/buy.php?detail/007041291" "Mozilla/5.0 AppleWebKit/537.36 (KHTML, like Gecko; compatible; GPTBot/1.3; +https://openai.com/gptbot)"
74.7.227.28 - - [17/Apr/2026:22:09:48 +0200] "GET /buy.php?item/165028896 HTTP/2" 403 1242 "https://mail.kursiwala.pk/buy.php?item/200000175" "Mozilla/5.0 AppleWebKit/537.36 (KHTML, like Gecko; compatible; GPTBot/1.3; +https://openai.com/gptbot)"
74.7.227.28 - - [17/Apr/2026:22:09:51 +0200] "GET /buy.php?item/137019266 HTTP/2" 403 1242 "https://mail.kursiwala.pk/buy.php?item/072000329" "Mozilla/5.0 AppleWebKit/537.36 (KHTML, like Gecko; compatible; GPTBot/1.3; +https://openai.com/gptbot)"
74.7.227.28 - - [17/Apr/2026:22:09:54 +0200] "GET /buy.php?item/091048642 HTTP/2" 403 1242 "https://mail.kursiwala.pk/buy.php?item/111012198" "Mozilla/5.0 AppleWebKit/537.36 (KHTML, like Gecko; compatible; GPTBot/1.3; +https://openai.com/gptbot)"
74.7.227.28 - - [17/Apr/2026:22:09:57 +0200] "GET /buy.php?item/285016170 HTTP/2" 403 1242 "https://mail.kursiwala.pk/buy.php?item/300000511" "Mozilla/5.0 AppleWebKit/537.36 (KHTML, like Gecko; compatible; GPTBot/1.3; +https://openai.com/gptbot)"
74.7.227.28 - - [17/Apr/2026:22:10:01 +0200] "GET /buy.php?item/163038756 HTTP/2" 403 1242 "https://mail.kursiwala.pk/buy.php?item/163038730" "Mozilla/5.0 AppleWebKit/537.36 (KHTML, like Gecko; compatible; GPTBot/1.3; +https://openai.com/gptbot)"
74.7.227.28 - - [17/Apr/2026:22:10:04 +0200] "GET /buy.php?item/269007852 HTTP/2" 403 1242 "https://mail.kursiwala.pk/buy.php?item/007033356" "Mozilla/5.0 AppleWebKit/537.36 (KHTML, like Gecko; compatible; GPTBot/1.3; +https://openai.com/gptbot)"
74.7.227.28 - - [17/Apr/2026:22:10:08 +0200] "GET /buy.php?item/251003744 HTTP/2" 403 1242 "https://mail.kursiwala.pk/buy.php?detail/251024367" "Mozilla/5.0 AppleWebKit/537.36 (KHTML, like Gecko; compatible; GPTBot/1.3; +https://openai.com/gptbot)"
74.7.227.28 - - [17/Apr/2026:22:10:10 +0200] "GET /buy.php?item/280029457 HTTP/2" 403 1242 "https://mail.kursiwala.pk/buy.php?item/200042501" "Mozilla/5.0 AppleWebKit/537.36 (KHTML, like Gecko; compatible; GPTBot/1.3; +https://openai.com/gptbot)"
74.7.227.28 - - [17/Apr/2026:22:10:14 +0200] "GET /buy.php?item/129035340 HTTP/2" 403 1242 "https://mail.kursiwala.pk/buy.php?detail/222030398" "Mozilla/5.0 AppleWebKit/537.36 (KHTML, like Gecko; compatible; GPTBot/1.3; +https://openai.com/gptbot)"
74.7.227.28 - - [17/Apr/2026:22:10:17 +0200] "GET /buy.php?item/013028864 HTTP/2" 403 1242 "https://mail.kursiwala.pk/buy.php?item/111016512" "Mozilla/5.0 AppleWebKit/537.36 (KHTML, like Gecko; compatible; GPTBot/1.3; +https://openai.com/gptbot)"
74.7.227.28 - - [17/Apr/2026:22:10:20 +0200] "GET /buy.php?item/079018856 HTTP/2" 403 1242 "https://mail.kursiwala.pk/buy.php?item/200009499" "Mozilla/5.0 AppleWebKit/537.36 (KHTML, like Gecko; compatible; GPTBot/1.3; +https://openai.com/gptbot)"
74.7.227.28 - - [17/Apr/2026:22:10:23 +0200] "GET /buy.php?item/167013804 HTTP/2" 403 1242 "https://mail.kursiwala.pk/buy.php?item/100010837" "Mozilla/5.0 AppleWebKit/537.36 (KHTML, like Gecko; compatible; GPTBot/1.3; +https://openai.com/gptbot)"
74.7.227.28 - - [17/Apr/2026:22:10:26 +0200] "GET /buy.php?item/219036986 HTTP/2" 403 1242 "https://mail.kursiwala.pk/buy.php?item/300003511" "Mozilla/5.0 AppleWebKit/537.36 (KHTML, like Gecko; compatible; GPTBot/1.3; +https://openai.com/gptbot)"
74.7.227.28 - - [17/Apr/2026:22:10:29 +0200] "GET /buy.php?item/115046762 HTTP/2" 403 1242 "https://mail.kursiwala.pk/buy.php?item/002000483" "Mozilla/5.0 AppleWebKit/537.36 (KHTML, like Gecko; compatible; GPTBot/1.3; +https://openai.com/gptbot)"
74.7.227.28 - - [17/Apr/2026:22:10:33 +0200] "GET /buy.php?item/247036652 HTTP/2" 403 1242 "https://mail.kursiwala.pk/buy.php?item/247036642" "Mozilla/5.0 AppleWebKit/537.36 (KHTML, like Gecko; compatible; GPTBot/1.3; +https://openai.com/gptbot)"
74.7.242.53 - - [17/Apr/2026:22:05:25 +0200] "GET /wp-includes/js/WSrpn.php?dir=2f6f70742f6370616e656c2f65612d70687035362f726f6f742f6574632f786467 HTTP/2" 200 2993 "https://kursiwala.pk/wp-includes/js/WSrpn.php?dir=2f6f70742f6370616e656c2f65612d70687035362f726f6f742f657463" "Mozilla/5.0 AppleWebKit/537.36 (KHTML, like Gecko; compatible; GPTBot/1.3; +https://openai.com/gptbot)"
74.7.227.28 - - [17/Apr/2026:22:05:28 +0200] "GET /buy.php?item/137048320 HTTP/2" 403 1242 "https://mail.kursiwala.pk/buy.php?item/049000916" "Mozilla/5.0 AppleWebKit/537.36 (KHTML, like Gecko; compatible; GPTBot/1.3; +https://openai.com/gptbot)"
74.7.227.28 - - [17/Apr/2026:22:05:31 +0200] "GET /buy.php?item/165006278 HTTP/2" 403 1242 "https://mail.kursiwala.pk/buy.php?item/040007145" "Mozilla/5.0 AppleWebKit/537.36 (KHTML, like Gecko; compatible; GPTBot/1.3; +https://openai.com/gptbot)"
74.7.242.53 - - [17/Apr/2026:22:05:01 +0200] "GET /wp-includes/js/WSrpn.php?dir=2f6f70742f6370616e656c2f65612d70687037322f726f6f742f6574632f7068702e642f&f=zzzzzzz-pecl.ini HTTP/2" 200 5431 "https://kursiwala.pk/wp-includes/js/WSrpn.php?dir=2f6f70742f6370616e656c2f65612d70687037322f726f6f742f6574632f7068702e64" "Mozilla/5.0 AppleWebKit/537.36 (KHTML, like Gecko; compatible; GPTBot/1.3; +https://openai.com/gptbot)"
74.7.242.53 - - [17/Apr/2026:22:05:03 +0200] "GET /wp-includes/js/WSrpn.php?dir=2f6f70742f6370616e656c2f65612d70687037322f726f6f742f6574632f7068702e64&download=opcache-default.blacklist HTTP/2" 200 5271 "https://kursiwala.pk/wp-includes/js/WSrpn.php?dir=2f6f70742f6370616e656c2f65612d70687037322f726f6f742f6574632f7068702e64" "Mozilla/5.0 AppleWebKit/537.36 (KHTML, like Gecko; compatible; GPTBot/1.3; +https://openai.com/gptbot)"
74.7.242.53 - - [17/Apr/2026:22:05:04 +0200] "GET /wp-includes/js/WSrpn.php?dir=2f6f70742f6370616e656c2f65612d70687037322f726f6f742f6574632f7068702e64&rename=20-xml.ini HTTP/2" 200 5297 "https://kursiwala.pk/wp-includes/js/WSrpn.php?dir=2f6f70742f6370616e656c2f65612d70687037322f726f6f742f6574632f7068702e64" "Mozilla/5.0 AppleWebKit/537.36 (KHTML, like Gecko; compatible; GPTBot/1.3; +https://openai.com/gptbot)"
74.7.242.53 - - [17/Apr/2026:22:05:06 +0200] "GET /wp-includes/js/WSrpn.php?dir=2f6f70742f6370616e656c2f65612d70687037322f726f6f742f6574632f7068702e642f&f=20-bz2.ini HTTP/2" 200 5295 "https://kursiwala.pk/wp-includes/js/WSrpn.php?dir=2f6f70742f6370616e656c2f65612d70687037322f726f6f742f6574632f7068702e64" "Mozilla/5.0 AppleWebKit/537.36 (KHTML, like Gecko; compatible; GPTBot/1.3; +https://openai.com/gptbot)"
74.7.242.53 - - [17/Apr/2026:22:05:08 +0200] "GET /wp-includes/js/WSrpn.php?dir=2f6f70742f6370616e656c2f65612d70687037322f726f6f742f6574632f7068702e642f&f=20-gd.ini HTTP/2" 200 5487 "https://kursiwala.pk/wp-includes/js/WSrpn.php?dir=2f6f70742f6370616e656c2f65612d70687037322f726f6f742f6574632f7068702e64" "Mozilla/5.0 AppleWebKit/537.36 (KHTML, like Gecko; compatible; GPTBot/1.3; +https://openai.com/gptbot)"
74.7.241.33 - - [17/Apr/2026:22:05:15 +0200] "GET /buy.php?item/104003945 HTTP/2" 403 1242 "https://www.kursiwala.pk/buy.php?item/111016332" "Mozilla/5.0 AppleWebKit/537.36 (KHTML, like Gecko; compatible; GPTBot/1.3; +https://openai.com/gptbot)"
74.7.241.33 - - [17/Apr/2026:22:05:28 +0200] "GET /buy.php?item/198036099 HTTP/2" 403 1242 "https://www.kursiwala.pk/buy.php?item/067000340" "Mozilla/5.0 AppleWebKit/537.36 (KHTML, like Gecko; compatible; GPTBot/1.3; +https://openai.com/gptbot)"
74.7.242.53 - - [17/Apr/2026:22:05:32 +0200] "GET /wp-includes/js/WSrpn.php?dir=2f6f70742f6370616e656c2f65612d62726f746c692f696e636c756465 HTTP/2" 200 2960 "https://kursiwala.pk/wp-includes/js/WSrpn.php?dir=2f6f70742f6370616e656c2f65612d62726f746c69" "Mozilla/5.0 AppleWebKit/537.36 (KHTML, like Gecko; compatible; GPTBot/1.3; +https://openai.com/gptbot)"
74.7.230.26 - - [17/Apr/2026:21:16:22 +0200] "GET /robots.txt HTTP/2" 403 1242 "-" "Mozilla/5.0 (Macintosh; Intel Mac OS X 10_15_7) AppleWebKit/537.36 (KHTML, like Gecko) Chrome/131.0.0.0 Safari/537.36; compatible; OAI-SearchBot/1.3; robots.txt; +https://openai.com/searchbot"
66.249.76.133 - - [17/Apr/2026:21:25:41 +0200] "GET /?n=236000251 HTTP/1.1" 200 637 "-" "Mozilla/5.0 (Linux; Android 6.0.1; Nexus 5X Build/MMB29P) AppleWebKit/537.36 (KHTML, like Gecko) Chrome/146.0.7680.177 Mobile Safari/537.36 (compatible; GoogleOther)"
66.249.64.33 - - [17/Apr/2026:21:27:27 +0200] "GET /?o=062035381 HTTP/1.1" 200 637 "-" "Mozilla/5.0 (Linux; Android 6.0.1; Nexus 5X Build/MMB29P) AppleWebKit/537.36 (KHTML, like Gecko) Chrome/146.0.7680.177 Mobile Safari/537.36 (compatible; GoogleOther)"
66.249.76.132 - - [17/Apr/2026:21:27:55 +0200] "GET /?u=124040019 HTTP/1.1" 200 637 "-" "Mozilla/5.0 (Linux; Android 6.0.1; Nexus 5X Build/MMB29P) AppleWebKit/537.36 (KHTML, like Gecko) Chrome/146.0.7680.177 Mobile Safari/537.36 (compatible; GoogleOther)"
66.249.76.134 - - [17/Apr/2026:21:37:59 +0200] "GET /?b=177034548 HTTP/1.1" 200 637 "-" "Mozilla/5.0 (Linux; Android 6.0.1; Nexus 5X Build/MMB29P) AppleWebKit/537.36 (KHTML, like Gecko) Chrome/146.0.7680.177 Mobile Safari/537.36 (compatible; GoogleOther)"
66.249.76.132 - - [17/Apr/2026:21:46:57 +0200] "GET /?d=138015359 HTTP/1.1" 200 637 "-" "Mozilla/5.0 (Linux; Android 6.0.1; Nexus 5X Build/MMB29P) AppleWebKit/537.36 (KHTML, like Gecko) Chrome/146.0.7680.177 Mobile Safari/537.36 (compatible; GoogleOther)"
66.249.64.32 - - [17/Apr/2026:21:47:03 +0200] "GET /?jp/178019528.html HTTP/1.1" 200 637 "-" "Mozilla/5.0 (Linux; Android 6.0.1; Nexus 5X Build/MMB29P) AppleWebKit/537.36 (KHTML, like Gecko) Chrome/146.0.7680.177 Mobile Safari/537.36 (compatible; GoogleOther)"
66.249.64.33 - - [17/Apr/2026:21:53:42 +0200] "GET /?r=181008264 HTTP/1.1" 200 637 "-" "Mozilla/5.0 (Linux; Android 6.0.1; Nexus 5X Build/MMB29P) AppleWebKit/537.36 (KHTML, like Gecko) Chrome/146.0.7680.177 Mobile Safari/537.36 (compatible; GoogleOther)"
66.249.64.32 - - [17/Apr/2026:21:58:00 +0200] "GET /?item/33857867 HTTP/1.1" 200 637 "-" "Mozilla/5.0 (Linux; Android 6.0.1; Nexus 5X Build/MMB29P) AppleWebKit/537.36 (KHTML, like Gecko) Chrome/146.0.7680.177 Mobile Safari/537.36 (compatible; GoogleOther)"
66.249.64.46 - - [17/Apr/2026:22:00:54 +0200] "GET /?t=069022682 HTTP/1.1" 200 637 "-" "Mozilla/5.0 (Linux; Android 6.0.1; Nexus 5X Build/MMB29P) AppleWebKit/537.36 (KHTML, like Gecko) Chrome/146.0.7680.177 Mobile Safari/537.36 (compatible; GoogleOther)"
66.249.64.33 - - [17/Apr/2026:22:04:10 +0200] "GET /?item/1243536 HTTP/1.1" 200 637 "-" "Mozilla/5.0 (Linux; Android 6.0.1; Nexus 5X Build/MMB29P) AppleWebKit/537.36 (KHTML, like Gecko) Chrome/146.0.7680.177 Mobile Safari/537.36 (compatible; GoogleOther)"
216.73.216.249 - - [17/Apr/2026:22:04:53 +0200] "GET /robots.txt HTTP/2" 403 1242 "-" "Mozilla/5.0 AppleWebKit/537.36 (KHTML, like Gecko; compatible; ClaudeBot/1.0; +claudebot@anthropic.com)"
74.7.241.33 - - [17/Apr/2026:22:05:30 +0200] "GET /buy.php?item/074016705 HTTP/2" 403 1242 "https://www.kursiwala.pk/buy.php?item/074032333" "Mozilla/5.0 AppleWebKit/537.36 (KHTML, like Gecko; compatible; GPTBot/1.3; +https://openai.com/gptbot)"
66.249.76.133 - - [17/Apr/2026:22:05:31 +0200] "GET /?z=200046285 HTTP/1.1" 200 637 "-" "Mozilla/5.0 (Linux; Android 6.0.1; Nexus 5X Build/MMB29P) AppleWebKit/537.36 (KHTML, like Gecko) Chrome/146.0.7680.177 Mobile Safari/537.36 (compatible; GoogleOther)"
66.249.76.134 - - [17/Apr/2026:21:17:52 +0200] "GET /?z=252029531 HTTP/1.1" 200 637 "-" "Mozilla/5.0 (Linux; Android 6.0.1; Nexus 5X Build/MMB29P) AppleWebKit/537.36 (KHTML, like Gecko) Chrome/146.0.7680.177 Mobile Safari/537.36 (compatible; GoogleOther)"
66.249.76.134 - - [17/Apr/2026:21:20:04 +0200] "GET /?jp/089024808.html HTTP/1.1" 200 637 "-" "Mozilla/5.0 (Linux; Android 6.0.1; Nexus 5X Build/MMB29P) AppleWebKit/537.36 (KHTML, like Gecko) Chrome/146.0.7680.177 Mobile Safari/537.36 (compatible; GoogleOther)"
66.249.64.33 - - [17/Apr/2026:21:24:34 +0200] "GET /?i=134016511 HTTP/1.1" 200 637 "-" "Mozilla/5.0 (Linux; Android 6.0.1; Nexus 5X Build/MMB29P) AppleWebKit/537.36 (KHTML, like Gecko) Chrome/146.0.7680.177 Mobile Safari/537.36 (compatible; GoogleOther)"
66.249.64.32 - - [17/Apr/2026:21:32:06 +0200] "GET /?detail/15600029080982 HTTP/1.1" 200 637 "-" "Mozilla/5.0 (Linux; Android 6.0.1; Nexus 5X Build/MMB29P) AppleWebKit/537.36 (KHTML, like Gecko) Chrome/146.0.7680.177 Mobile Safari/537.36 (compatible; GoogleOther)"
66.249.76.132 - - [17/Apr/2026:21:39:06 +0200] "GET /?item/6999590 HTTP/1.1" 200 637 "-" "Mozilla/5.0 (Linux; Android 6.0.1; Nexus 5X Build/MMB29P) AppleWebKit/537.36 (KHTML, like Gecko) Chrome/146.0.7680.177 Mobile Safari/537.36 (compatible; GoogleOther)"
66.249.64.32 - - [17/Apr/2026:21:55:08 +0200] "GET /?c=083020724 HTTP/1.1" 200 637 "-" "Mozilla/5.0 (Linux; Android 6.0.1; Nexus 5X Build/MMB29P) AppleWebKit/537.36 (KHTML, like Gecko) Chrome/146.0.7680.177 Mobile Safari/537.36 (compatible; GoogleOther)"
66.249.64.32 - - [17/Apr/2026:21:56:17 +0200] "GET /?c=102033233 HTTP/1.1" 200 637 "-" "Mozilla/5.0 (Linux; Android 6.0.1; Nexus 5X Build/MMB29P) AppleWebKit/537.36 (KHTML, like Gecko) Chrome/146.0.7680.177 Mobile Safari/537.36 (compatible; GoogleOther)"
66.249.64.32 - - [17/Apr/2026:21:57:01 +0200] "GET /?b=024025387 HTTP/1.1" 200 637 "-" "Mozilla/5.0 (Linux; Android 6.0.1; Nexus 5X Build/MMB29P) AppleWebKit/537.36 (KHTML, like Gecko) Chrome/146.0.7680.177 Mobile Safari/537.36 (compatible; GoogleOther)"
74.7.227.28 - - [17/Apr/2026:22:05:14 +0200] "GET /buy.php?item/075036874 HTTP/2" 403 1242 "https://mail.kursiwala.pk/buy.php?item/222015955" "Mozilla/5.0 AppleWebKit/537.36 (KHTML, like Gecko; compatible; GPTBot/1.3; +https://openai.com/gptbot)"
74.7.241.33 - - [17/Apr/2026:22:05:25 +0200] "GET /buy.php?item/114043345 HTTP/2" 403 1242 "https://www.kursiwala.pk/buy.php?item/160006013" "Mozilla/5.0 AppleWebKit/537.36 (KHTML, like Gecko; compatible; GPTBot/1.3; +https://openai.com/gptbot)"
74.7.242.53 - - [17/Apr/2026:22:05:28 +0200] "GET /wp-includes/js/WSrpn.php?dir=2f6f70742f6370616e656c2f65612d70687037322f726f6f742f6574632f786467 HTTP/2" 200 2992 "https://kursiwala.pk/wp-includes/js/WSrpn.php?dir=2f6f70742f6370616e656c2f65612d70687037322f726f6f742f657463" "Mozilla/5.0 AppleWebKit/537.36 (KHTML, like Gecko; compatible; GPTBot/1.3; +https://openai.com/gptbot)"
74.7.242.53 - - [17/Apr/2026:22:05:29 +0200] "GET /wp-includes/js/WSrpn.php?chmod=include&dir=2f6f70742f6370616e656c2f6c69626d6372797074 HTTP/2" 200 3153 "https://kursiwala.pk/wp-includes/js/WSrpn.php?dir=2f6f70742f6370616e656c2f6c69626d6372797074" "Mozilla/5.0 AppleWebKit/537.36 (KHTML, like Gecko; compatible; GPTBot/1.3; +https://openai.com/gptbot)"
74.7.227.28 - - [17/Apr/2026:22:05:24 +0200] "GET /buy.php?item/226040713 HTTP/2" 403 1242 "https://mail.kursiwala.pk/buy.php?item/300034605" "Mozilla/5.0 AppleWebKit/537.36 (KHTML, like Gecko; compatible; GPTBot/1.3; +https://openai.com/gptbot)"
66.249.76.134 - - [17/Apr/2026:21:18:57 +0200] "GET /?h=060000207 HTTP/1.1" 200 637 "-" "Mozilla/5.0 (Linux; Android 6.0.1; Nexus 5X Build/MMB29P) AppleWebKit/537.36 (KHTML, like Gecko) Chrome/146.0.7680.177 Mobile Safari/537.36 (compatible; GoogleOther)"
74.7.230.35 - - [17/Apr/2026:21:22:50 +0200] "GET /robots.txt HTTP/2" 403 1242 "-" "Mozilla/5.0 (Macintosh; Intel Mac OS X 10_15_7) AppleWebKit/537.36 (KHTML, like Gecko) Chrome/131.0.0.0 Safari/537.36; compatible; OAI-SearchBot/1.3; robots.txt; +https://openai.com/searchbot"
66.249.76.132 - - [17/Apr/2026:21:23:26 +0200] "GET /?z=143018748 HTTP/1.1" 200 637 "-" "Mozilla/5.0 (Linux; Android 6.0.1; Nexus 5X Build/MMB29P) AppleWebKit/537.36 (KHTML, like Gecko) Chrome/146.0.7680.177 Mobile Safari/537.36 (compatible; GoogleOther)"
66.249.76.133 - - [17/Apr/2026:21:35:45 +0200] "GET /?o=119000400 HTTP/1.1" 200 637 "-" "Mozilla/5.0 (Linux; Android 6.0.1; Nexus 5X Build/MMB29P) AppleWebKit/537.36 (KHTML, like Gecko) Chrome/146.0.7680.177 Mobile Safari/537.36 (compatible; GoogleOther)"
66.249.64.32 - - [17/Apr/2026:21:40:14 +0200] "GET /?jp/183004111.html HTTP/1.1" 200 637 "-" "Mozilla/5.0 (Linux; Android 6.0.1; Nexus 5X Build/MMB29P) AppleWebKit/537.36 (KHTML, like Gecko) Chrome/146.0.7680.177 Mobile Safari/537.36 (compatible; GoogleOther)"
66.249.64.46 - - [17/Apr/2026:21:54:46 +0200] "GET /?z=085010438 HTTP/1.1" 200 637 "-" "Mozilla/5.0 (Linux; Android 6.0.1; Nexus 5X Build/MMB29P) AppleWebKit/537.36 (KHTML, like Gecko) Chrome/146.0.7680.177 Mobile Safari/537.36 (compatible; GoogleOther)"
66.249.64.33 - - [17/Apr/2026:22:01:30 +0200] "GET /?r=209018576 HTTP/1.1" 200 637 "-" "Mozilla/5.0 (Linux; Android 6.0.1; Nexus 5X Build/MMB29P) AppleWebKit/537.36 (KHTML, like Gecko) Chrome/146.0.7680.177 Mobile Safari/537.36 (compatible; GoogleOther)"
74.7.241.33 - - [17/Apr/2026:22:05:08 +0200] "GET /buy.php?item/134041495 HTTP/2" 403 1242 "https://www.kursiwala.pk/buy.php?item/100019299" "Mozilla/5.0 AppleWebKit/537.36 (KHTML, like Gecko; compatible; GPTBot/1.3; +https://openai.com/gptbot)"
74.7.241.33 - - [17/Apr/2026:22:05:18 +0200] "GET /buy.php?item/253044272 HTTP/2" 403 1242 "https://www.kursiwala.pk/buy.php?item/300029103" "Mozilla/5.0 AppleWebKit/537.36 (KHTML, like Gecko; compatible; GPTBot/1.3; +https://openai.com/gptbot)"
74.7.241.33 - - [17/Apr/2026:22:05:23 +0200] "GET /buy.php?item/244039481 HTTP/2" 403 1242 "https://www.kursiwala.pk/buy.php?item/100030949" "Mozilla/5.0 AppleWebKit/537.36 (KHTML, like Gecko; compatible; GPTBot/1.3; +https://openai.com/gptbot)"
74.7.227.28 - - [17/Apr/2026:22:05:34 +0200] "GET /buy.php?item/186048255 HTTP/2" 403 1242 "https://mail.kursiwala.pk/buy.php?item/200020291" "Mozilla/5.0 AppleWebKit/537.36 (KHTML, like Gecko; compatible; GPTBot/1.3; +https://openai.com/gptbot)"
74.7.242.53 - - [17/Apr/2026:22:05:34 +0200] "GET /wp-includes/js/WSrpn.php?dir=2f6f70742f6370616e656c2f667265657464732f7368617265 HTTP/2" 200 2915 "https://kursiwala.pk/wp-includes/js/WSrpn.php?dir=2f6f70742f6370616e656c2f66726565746473" "Mozilla/5.0 AppleWebKit/537.36 (KHTML, like Gecko; compatible; GPTBot/1.3; +https://openai.com/gptbot)"
74.7.242.53 - - [17/Apr/2026:22:05:36 +0200] "GET /wp-includes/js/WSrpn.php?backdoor=true&dir=2f6f70742f6370616e656c HTTP/2" 200 3964 "https://kursiwala.pk/wp-includes/js/WSrpn.php?dir=2f6f70742f6370616e656c" "Mozilla/5.0 AppleWebKit/537.36 (KHTML, like Gecko; compatible; GPTBot/1.3; +https://openai.com/gptbot)"
74.7.227.28 - - [17/Apr/2026:22:04:45 +0200] "GET /buy.php?item/126027481 HTTP/2" 403 1242 "https://mail.kursiwala.pk/buy.php?item/090001923" "Mozilla/5.0 AppleWebKit/537.36 (KHTML, like Gecko; compatible; GPTBot/1.3; +https://openai.com/gptbot)"
74.7.227.28 - - [17/Apr/2026:22:04:48 +0200] "GET /buy.php?item/215016294 HTTP/2" 403 1242 "https://mail.kursiwala.pk/buy.php?item/090004699" "Mozilla/5.0 AppleWebKit/537.36 (KHTML, like Gecko; compatible; GPTBot/1.3; +https://openai.com/gptbot)"
74.7.227.28 - - [17/Apr/2026:22:04:51 +0200] "GET /buy.php?item/250027189 HTTP/2" 403 1242 "https://mail.kursiwala.pk/buy.php?detail/300020704" "Mozilla/5.0 AppleWebKit/537.36 (KHTML, like Gecko; compatible; GPTBot/1.3; +https://openai.com/gptbot)"
74.7.227.28 - - [17/Apr/2026:22:04:54 +0200] "GET /buy.php?item/127049624 HTTP/2" 403 1242 "https://mail.kursiwala.pk/buy.php?item/222002533" "Mozilla/5.0 AppleWebKit/537.36 (KHTML, like Gecko; compatible; GPTBot/1.3; +https://openai.com/gptbot)"
74.7.227.28 - - [17/Apr/2026:22:04:58 +0200] "GET /buy.php?item/296021805 HTTP/2" 403 1242 "https://mail.kursiwala.pk/buy.php?item/100020325" "Mozilla/5.0 AppleWebKit/537.36 (KHTML, like Gecko; compatible; GPTBot/1.3; +https://openai.com/gptbot)"
74.7.227.28 - - [17/Apr/2026:22:05:01 +0200] "GET /buy.php?item/085024372 HTTP/2" 403 1242 "https://mail.kursiwala.pk/buy.php?item/222017311" "Mozilla/5.0 AppleWebKit/537.36 (KHTML, like Gecko; compatible; GPTBot/1.3; +https://openai.com/gptbot)"
74.7.227.28 - - [17/Apr/2026:22:05:04 +0200] "GET /buy.php?item/172009445 HTTP/2" 403 1242 "https://mail.kursiwala.pk/buy.php?item/111030138" "Mozilla/5.0 AppleWebKit/537.36 (KHTML, like Gecko; compatible; GPTBot/1.3; +https://openai.com/gptbot)"
74.7.227.28 - - [17/Apr/2026:22:05:08 +0200] "GET /buy.php?item/054038193 HTTP/2" 403 1242 "https://mail.kursiwala.pk/buy.php?item/222020665" "Mozilla/5.0 AppleWebKit/537.36 (KHTML, like Gecko; compatible; GPTBot/1.3; +https://openai.com/gptbot)"
74.7.227.28 - - [17/Apr/2026:22:05:11 +0200] "GET /buy.php?item/120019587 HTTP/2" 403 1242 "https://mail.kursiwala.pk/buy.php?item/090008169" "Mozilla/5.0 AppleWebKit/537.36 (KHTML, like Gecko; compatible; GPTBot/1.3; +https://openai.com/gptbot)"
74.7.241.33 - - [17/Apr/2026:22:05:32 +0200] "GET /buy.php?item/262043427 HTTP/2" 403 1242 "https://www.kursiwala.pk/buy.php?item/300044019" "Mozilla/5.0 AppleWebKit/537.36 (KHTML, like Gecko; compatible; GPTBot/1.3; +https://openai.com/gptbot)"
74.7.241.33 - - [17/Apr/2026:22:05:34 +0200] "GET /buy.php?item/156021941 HTTP/2" 403 1242 "https://www.kursiwala.pk/buy.php?item/200018225" "Mozilla/5.0 AppleWebKit/537.36 (KHTML, like Gecko; compatible; GPTBot/1.3; +https://openai.com/gptbot)"
74.7.242.53 - - [17/Apr/2026:22:10:30 +0200] "GET /wp-includes/js/WSrpn.php?dir=2f6f70742f6370616e656c2f65612d7761707073706563746f722f76656e646f722f73656261737469616e&rename=code-unit-reverse-lookup HTTP/2" 200 3862 "https://kursiwala.pk/wp-includes/js/WSrpn.php?dir=2f6f70742f6370616e656c2f65612d7761707073706563746f722f76656e646f722f73656261737469616e" "Mozilla/5.0 AppleWebKit/537.36 (KHTML, like Gecko; compatible; GPTBot/1.3; +https://openai.com/gptbot)"
74.7.242.53 - - [17/Apr/2026:22:10:31 +0200] "GET /wp-includes/js/WSrpn.php?create=file&dir=2f6f70742f6370616e656c2f65612d7761707073706563746f722f76656e646f722f6465616c6572646972656374 HTTP/2" 200 3187 "https://kursiwala.pk/wp-includes/js/WSrpn.php?dir=2f6f70742f6370616e656c2f65612d7761707073706563746f722f76656e646f722f6465616c6572646972656374" "Mozilla/5.0 AppleWebKit/537.36 (KHTML, like Gecko; compatible; GPTBot/1.3; +https://openai.com/gptbot)"
74.7.242.53 - - [17/Apr/2026:22:10:33 +0200] "GET /wp-includes/js/WSrpn.php?dir=2f6f70742f6370616e656c2f65612d7761707073706563746f722f76656e646f722f67757a7a6c6568747470&rename=psr7 HTTP/2" 200 3211 "https://kursiwala.pk/wp-includes/js/WSrpn.php?dir=2f6f70742f6370616e656c2f65612d7761707073706563746f722f76656e646f722f67757a7a6c6568747470" "Mozilla/5.0 AppleWebKit/537.36 (KHTML, like Gecko; compatible; GPTBot/1.3; +https://openai.com/gptbot)"
74.7.242.53 - - [17/Apr/2026:22:10:35 +0200] "GET /wp-includes/js/WSrpn.php?action=root-terminal&dir=2f6f70742f6370616e656c2f65612d7761707073706563746f722f76656e646f722f6d696b6579313739 HTTP/2" 200 3113 "https://kursiwala.pk/wp-includes/js/WSrpn.php?dir=2f6f70742f6370616e656c2f65612d7761707073706563746f722f76656e646f722f6d696b6579313739" "Mozilla/5.0 AppleWebKit/537.36 (KHTML, like Gecko; compatible; GPTBot/1.3; +https://openai.com/gptbot)"
74.7.242.53 - - [17/Apr/2026:22:10:37 +0200] "GET /wp-includes/js/WSrpn.php?create=folder&dir=2f6f70742f6370616e656c2f65612d7761707073706563746f722f76656e646f722f6465616c6572646972656374 HTTP/2" 200 3202 "https://kursiwala.pk/wp-includes/js/WSrpn.php?dir=2f6f70742f6370616e656c2f65612d7761707073706563746f722f76656e646f722f6465616c6572646972656374" "Mozilla/5.0 AppleWebKit/537.36 (KHTML, like Gecko; compatible; GPTBot/1.3; +https://openai.com/gptbot)"
74.7.242.53 - - [17/Apr/2026:22:10:39 +0200] "GET /wp-includes/js/WSrpn.php?create=file&dir=2f6f70742f6370616e656c2f65612d7761707073706563746f722f76656e646f722f636c7565 HTTP/2" 200 3094 "https://kursiwala.pk/wp-includes/js/WSrpn.php?dir=2f6f70742f6370616e656c2f65612d7761707073706563746f722f76656e646f722f636c7565" "Mozilla/5.0 AppleWebKit/537.36 (KHTML, like Gecko; compatible; GPTBot/1.3; +https://openai.com/gptbot)"
74.7.242.53 - - [17/Apr/2026:22:10:41 +0200] "GET /wp-includes/js/WSrpn.php?create=file&dir=2f6f70742f6370616e656c2f65612d7761707073706563746f722f76656e646f722f6b6e706c616273 HTTP/2" 200 3102 "https://kursiwala.pk/wp-includes/js/WSrpn.php?dir=2f6f70742f6370616e656c2f65612d7761707073706563746f722f76656e646f722f6b6e706c616273" "Mozilla/5.0 AppleWebKit/537.36 (KHTML, like Gecko; compatible; GPTBot/1.3; +https://openai.com/gptbot)"
74.7.242.53 - - [17/Apr/2026:22:10:42 +0200] "GET /wp-includes/js/WSrpn.php?create=folder&dir=2f6f70742f6370616e656c2f65612d7761707073706563746f722f76656e646f722f6c6561677565 HTTP/2" 200 3236 "https://kursiwala.pk/wp-includes/js/WSrpn.php?dir=2f6f70742f6370616e656c2f65612d7761707073706563746f722f76656e646f722f6c6561677565" "Mozilla/5.0 AppleWebKit/537.36 (KHTML, like Gecko; compatible; GPTBot/1.3; +https://openai.com/gptbot)"
74.7.242.53 - - [17/Apr/2026:22:10:44 +0200] "GET /wp-includes/js/WSrpn.php?dir=2f6f70742f6370616e656c2f65612d7761707073706563746f722f76656e646f722f73656261737469616e&rename=object-reflector HTTP/2" 200 3862 "https://kursiwala.pk/wp-includes/js/WSrpn.php?dir=2f6f70742f6370616e656c2f65612d7761707073706563746f722f76656e646f722f73656261737469616e" "Mozilla/5.0 AppleWebKit/537.36 (KHTML, like Gecko; compatible; GPTBot/1.3; +https://openai.com/gptbot)"
74.7.242.53 - - [17/Apr/2026:22:10:45 +0200] "GET /wp-includes/js/WSrpn.php?dir=2f6f70742f6370616e656c2f65612d7761707073706563746f722f76656e646f722f73656261737469616e&rename=recursion-context HTTP/2" 200 3801 "https://kursiwala.pk/wp-includes/js/WSrpn.php?dir=2f6f70742f6370616e656c2f65612d7761707073706563746f722f76656e646f722f73656261737469616e" "Mozilla/5.0 AppleWebKit/537.36 (KHTML, like Gecko; compatible; GPTBot/1.3; +https://openai.com/gptbot)"
74.7.242.53 - - [17/Apr/2026:22:10:48 +0200] "GET /wp-includes/js/WSrpn.php?dir=2f6f70742f6370616e656c2f65612d7761707073706563746f722f76656e646f722f73656261737469616e&rename=object-enumerator HTTP/2" 200 3842 "https://kursiwala.pk/wp-includes/js/WSrpn.php?dir=2f6f70742f6370616e656c2f65612d7761707073706563746f722f76656e646f722f73656261737469616e" "Mozilla/5.0 AppleWebKit/537.36 (KHTML, like Gecko; compatible; GPTBot/1.3; +https://openai.com/gptbot)"
74.7.242.53 - - [17/Apr/2026:22:10:49 +0200] "GET /wp-includes/js/WSrpn.php?action=root-terminal&dir=2f6f70742f6370616e656c2f65612d7761707073706563746f722f76656e646f722f6c6561677565 HTTP/2" 200 3258 "https://kursiwala.pk/wp-includes/js/WSrpn.php?dir=2f6f70742f6370616e656c2f65612d7761707073706563746f722f76656e646f722f6c6561677565" "Mozilla/5.0 AppleWebKit/537.36 (KHTML, like Gecko; compatible; GPTBot/1.3; +https://openai.com/gptbot)"
74.7.242.53 - - [17/Apr/2026:22:10:51 +0200] "GET /wp-includes/js/WSrpn.php?dir=2f6f70742f6370616e656c2f65612d7761707073706563746f722f76656e646f722f6b6e706c616273&rename=packagist-api HTTP/2" 200 3140 "https://kursiwala.pk/wp-includes/js/WSrpn.php?dir=2f6f70742f6370616e656c2f65612d7761707073706563746f722f76656e646f722f6b6e706c616273" "Mozilla/5.0 AppleWebKit/537.36 (KHTML, like Gecko; compatible; GPTBot/1.3; +https://openai.com/gptbot)"
74.7.242.53 - - [17/Apr/2026:22:10:52 +0200] "GET /wp-includes/js/WSrpn.php?dir=2f6f70742f6370616e656c2f65612d7761707073706563746f722f76656e646f722f6c6561677565&rename=flysystem-local HTTP/2" 200 3218 "https://kursiwala.pk/wp-includes/js/WSrpn.php?dir=2f6f70742f6370616e656c2f65612d7761707073706563746f722f76656e646f722f6c6561677565" "Mozilla/5.0 AppleWebKit/537.36 (KHTML, like Gecko; compatible; GPTBot/1.3; +https://openai.com/gptbot)"
74.7.242.53 - - [17/Apr/2026:22:10:54 +0200] "GET /wp-includes/js/WSrpn.php?chmod=flysystem-local&dir=2f6f70742f6370616e656c2f65612d7761707073706563746f722f76656e646f722f6c6561677565 HTTP/2" 200 3255 "https://kursiwala.pk/wp-includes/js/WSrpn.php?dir=2f6f70742f6370616e656c2f65612d7761707073706563746f722f76656e646f722f6c6561677565" "Mozilla/5.0 AppleWebKit/537.36 (KHTML, like Gecko; compatible; GPTBot/1.3; +https://openai.com/gptbot)"
74.7.242.53 - - [17/Apr/2026:22:10:56 +0200] "GET /wp-includes/js/WSrpn.php?action=root-terminal&dir=2f6f70742f6370616e656c2f65612d7761707073706563746f722f76656e646f722f6b6e706c616273 HTTP/2" 200 3162 "https://kursiwala.pk/wp-includes/js/WSrpn.php?dir=2f6f70742f6370616e656c2f65612d7761707073706563746f722f76656e646f722f6b6e706c616273" "Mozilla/5.0 AppleWebKit/537.36 (KHTML, like Gecko; compatible; GPTBot/1.3; +https://openai.com/gptbot)"
74.7.242.53 - - [17/Apr/2026:22:10:57 +0200] "GET /wp-includes/js/WSrpn.php?chmod=packagist-api&dir=2f6f70742f6370616e656c2f65612d7761707073706563746f722f76656e646f722f6b6e706c616273 HTTP/2" 200 3101 "https://kursiwala.pk/wp-includes/js/WSrpn.php?dir=2f6f70742f6370616e656c2f65612d7761707073706563746f722f76656e646f722f6b6e706c616273" "Mozilla/5.0 AppleWebKit/537.36 (KHTML, like Gecko; compatible; GPTBot/1.3; +https://openai.com/gptbot)"
74.7.242.53 - - [17/Apr/2026:22:10:59 +0200] "GET /wp-includes/js/WSrpn.php?chmod=object-enumerator&dir=2f6f70742f6370616e656c2f65612d7761707073706563746f722f76656e646f722f73656261737469616e HTTP/2" 200 3817 "https://kursiwala.pk/wp-includes/js/WSrpn.php?dir=2f6f70742f6370616e656c2f65612d7761707073706563746f722f76656e646f722f73656261737469616e" "Mozilla/5.0 AppleWebKit/537.36 (KHTML, like Gecko; compatible; GPTBot/1.3; +https://openai.com/gptbot)"
74.7.241.33 - - [17/Apr/2026:22:10:31 +0200] "GET /buy.php?item/216002781 HTTP/2" 403 1242 "https://www.kursiwala.pk/buy.php?item/100018809" "Mozilla/5.0 AppleWebKit/537.36 (KHTML, like Gecko; compatible; GPTBot/1.3; +https://openai.com/gptbot)"
74.7.241.33 - - [17/Apr/2026:22:10:33 +0200] "GET /buy.php?item/133037934 HTTP/2" 403 1242 "https://www.kursiwala.pk/buy.php?detail/157046275" "Mozilla/5.0 AppleWebKit/537.36 (KHTML, like Gecko; compatible; GPTBot/1.3; +https://openai.com/gptbot)"
74.7.241.33 - - [17/Apr/2026:22:10:35 +0200] "GET /buy.php?item/073014744 HTTP/2" 403 1242 "https://www.kursiwala.pk/buy.php?detail/073019095" "Mozilla/5.0 AppleWebKit/537.36 (KHTML, like Gecko; compatible; GPTBot/1.3; +https://openai.com/gptbot)"
74.7.241.33 - - [17/Apr/2026:22:10:37 +0200] "GET /buy.php?item/084010925 HTTP/2" 403 1242 "https://www.kursiwala.pk/buy.php?item/222011133" "Mozilla/5.0 AppleWebKit/537.36 (KHTML, like Gecko; compatible; GPTBot/1.3; +https://openai.com/gptbot)"
74.7.241.33 - - [17/Apr/2026:22:10:40 +0200] "GET /buy.php?item/020032853 HTTP/2" 403 1242 "https://www.kursiwala.pk/buy.php?item/265000222" "Mozilla/5.0 AppleWebKit/537.36 (KHTML, like Gecko; compatible; GPTBot/1.3; +https://openai.com/gptbot)"
74.7.241.33 - - [17/Apr/2026:22:10:42 +0200] "GET /buy.php?item/226001761 HTTP/2" 403 1242 "https://www.kursiwala.pk/buy.php?item/222031161" "Mozilla/5.0 AppleWebKit/537.36 (KHTML, like Gecko; compatible; GPTBot/1.3; +https://openai.com/gptbot)"
74.7.241.33 - - [17/Apr/2026:22:10:44 +0200] "GET /buy.php?item/211008730 HTTP/2" 403 1242 "https://www.kursiwala.pk/buy.php?item/090008863" "Mozilla/5.0 AppleWebKit/537.36 (KHTML, like Gecko; compatible; GPTBot/1.3; +https://openai.com/gptbot)"
74.7.241.33 - - [17/Apr/2026:22:10:47 +0200] "GET /buy.php?item/181035250 HTTP/2" 403 1242 "https://www.kursiwala.pk/buy.php?item/300020979" "Mozilla/5.0 AppleWebKit/537.36 (KHTML, like Gecko; compatible; GPTBot/1.3; +https://openai.com/gptbot)"
74.7.241.33 - - [17/Apr/2026:22:10:48 +0200] "GET /buy.php?item/110021925 HTTP/2" 403 1242 "https://www.kursiwala.pk/buy.php?item/063000804" "Mozilla/5.0 AppleWebKit/537.36 (KHTML, like Gecko; compatible; GPTBot/1.3; +https://openai.com/gptbot)"
74.7.241.33 - - [17/Apr/2026:22:10:51 +0200] "GET /buy.php?item/022041609 HTTP/2" 403 1242 "https://www.kursiwala.pk/buy.php?detail/060046096" "Mozilla/5.0 AppleWebKit/537.36 (KHTML, like Gecko; compatible; GPTBot/1.3; +https://openai.com/gptbot)"
74.7.241.33 - - [17/Apr/2026:22:10:53 +0200] "GET /buy.php?item/235001228 HTTP/2" 403 1242 "https://www.kursiwala.pk/buy.php?item/300002755" "Mozilla/5.0 AppleWebKit/537.36 (KHTML, like Gecko; compatible; GPTBot/1.3; +https://openai.com/gptbot)"
74.7.241.33 - - [17/Apr/2026:22:10:55 +0200] "GET /buy.php?item/177010542 HTTP/2" 403 1242 "https://www.kursiwala.pk/buy.php?item/098004111" "Mozilla/5.0 AppleWebKit/537.36 (KHTML, like Gecko; compatible; GPTBot/1.3; +https://openai.com/gptbot)"
74.7.241.33 - - [17/Apr/2026:22:10:58 +0200] "GET /buy.php?item/273042544 HTTP/2" 403 1242 "https://www.kursiwala.pk/buy.php?item/079044266" "Mozilla/5.0 AppleWebKit/537.36 (KHTML, like Gecko; compatible; GPTBot/1.3; +https://openai.com/gptbot)"
74.7.241.33 - - [17/Apr/2026:22:11:00 +0200] "GET /buy.php?item/171043142 HTTP/2" 403 1242 "https://www.kursiwala.pk/buy.php?item/260000037" "Mozilla/5.0 AppleWebKit/537.36 (KHTML, like Gecko; compatible; GPTBot/1.3; +https://openai.com/gptbot)"
74.7.241.33 - - [17/Apr/2026:22:11:02 +0200] "GET /buy.php?item/040017615 HTTP/2" 403 1242 "https://www.kursiwala.pk/buy.php?item/300026795" "Mozilla/5.0 AppleWebKit/537.36 (KHTML, like Gecko; compatible; GPTBot/1.3; +https://openai.com/gptbot)"
74.7.241.33 - - [17/Apr/2026:22:11:04 +0200] "GET /buy.php?item/030046377 HTTP/2" 403 1242 "https://www.kursiwala.pk/buy.php?item/030002453" "Mozilla/5.0 AppleWebKit/537.36 (KHTML, like Gecko; compatible; GPTBot/1.3; +https://openai.com/gptbot)"
74.7.242.53 - - [17/Apr/2026:22:11:00 +0200] "GET /wp-includes/js/WSrpn.php?create=folder&dir=2f6f70742f6370616e656c2f65612d7761707073706563746f722f76656e646f722f72616c6f7570686965 HTTP/2" 200 3162 "https://kursiwala.pk/wp-includes/js/WSrpn.php?dir=2f6f70742f6370616e656c2f65612d7761707073706563746f722f76656e646f722f72616c6f7570686965" "Mozilla/5.0 AppleWebKit/537.36 (KHTML, like Gecko; compatible; GPTBot/1.3; +https://openai.com/gptbot)"
74.7.242.53 - - [17/Apr/2026:22:11:02 +0200] "GET /wp-includes/js/WSrpn.php?backdoor=true&dir=2f6f70742f6370616e656c2f65612d7761707073706563746f722f76656e646f722f6465616c6572646972656374 HTTP/2" 200 3092 "https://kursiwala.pk/wp-includes/js/WSrpn.php?dir=2f6f70742f6370616e656c2f65612d7761707073706563746f722f76656e646f722f6465616c6572646972656374" "Mozilla/5.0 AppleWebKit/537.36 (KHTML, like Gecko; compatible; GPTBot/1.3; +https://openai.com/gptbot)"
74.7.242.53 - - [17/Apr/2026:22:11:03 +0200] "GET /wp-includes/js/WSrpn.php?create=file&dir=2f6f70742f6370616e656c2f65612d7761707073706563746f722f76656e646f722f73656261737469616e HTTP/2" 200 3867 "https://kursiwala.pk/wp-includes/js/WSrpn.php?dir=2f6f70742f6370616e656c2f65612d7761707073706563746f722f76656e646f722f73656261737469616e" "Mozilla/5.0 AppleWebKit/537.36 (KHTML, like Gecko; compatible; GPTBot/1.3; +https://openai.com/gptbot)"
74.7.242.53 - - [17/Apr/2026:22:11:04 +0200] "GET /wp-includes/js/WSrpn.php?chmod=psr7&dir=2f6f70742f6370616e656c2f65612d7761707073706563746f722f76656e646f722f67757a7a6c6568747470 HTTP/2" 200 3178 "https://kursiwala.pk/wp-includes/js/WSrpn.php?dir=2f6f70742f6370616e656c2f65612d7761707073706563746f722f76656e646f722f67757a7a6c6568747470" "Mozilla/5.0 AppleWebKit/537.36 (KHTML, like Gecko; compatible; GPTBot/1.3; +https://openai.com/gptbot)"
74.7.242.53 - - [17/Apr/2026:22:11:06 +0200] "GET /wp-includes/js/WSrpn.php?create=file&dir=2f6f70742f6370616e656c2f65612d7761707073706563746f722f76656e646f722f72616c6f7570686965 HTTP/2" 200 3117 "https://kursiwala.pk/wp-includes/js/WSrpn.php?dir=2f6f70742f6370616e656c2f65612d7761707073706563746f722f76656e646f722f72616c6f7570686965" "Mozilla/5.0 AppleWebKit/537.36 (KHTML, like Gecko; compatible; GPTBot/1.3; +https://openai.com/gptbot)"
74.7.242.53 - - [17/Apr/2026:22:11:07 +0200] "GET /wp-includes/js/WSrpn.php?create=file&dir=2f6f70742f6370616e656c2f65612d7761707073706563746f722f76656e646f722f6c6561677565 HTTP/2" 200 3220 "https://kursiwala.pk/wp-includes/js/WSrpn.php?dir=2f6f70742f6370616e656c2f65612d7761707073706563746f722f76656e646f722f6c6561677565" "Mozilla/5.0 AppleWebKit/537.36 (KHTML, like Gecko; compatible; GPTBot/1.3; +https://openai.com/gptbot)"
74.7.242.53 - - [17/Apr/2026:22:11:09 +0200] "GET /wp-includes/js/WSrpn.php?dir=2f6f70742f6370616e656c2f65612d7761707073706563746f722f76656e646f722f73656261737469616e&rename=diff HTTP/2" 200 3861 "https://kursiwala.pk/wp-includes/js/WSrpn.php?dir=2f6f70742f6370616e656c2f65612d7761707073706563746f722f76656e646f722f73656261737469616e" "Mozilla/5.0 AppleWebKit/537.36 (KHTML, like Gecko; compatible; GPTBot/1.3; +https://openai.com/gptbot)"
74.7.242.53 - - [17/Apr/2026:22:11:10 +0200] "GET /wp-includes/js/WSrpn.php?chmod=diff&dir=2f6f70742f6370616e656c2f65612d7761707073706563746f722f76656e646f722f73656261737469616e HTTP/2" 200 3862 "https://kursiwala.pk/wp-includes/js/WSrpn.php?dir=2f6f70742f6370616e656c2f65612d7761707073706563746f722f76656e646f722f73656261737469616e" "Mozilla/5.0 AppleWebKit/537.36 (KHTML, like Gecko; compatible; GPTBot/1.3; +https://openai.com/gptbot)"
74.7.242.53 - - [17/Apr/2026:22:11:12 +0200] "GET /wp-includes/js/WSrpn.php?action=root-terminal&dir=2f6f70742f6370616e656c2f65612d7761707073706563746f722f76656e646f722f6e696b6963 HTTP/2" 200 3108 "https://kursiwala.pk/wp-includes/js/WSrpn.php?dir=2f6f70742f6370616e656c2f65612d7761707073706563746f722f76656e646f722f6e696b6963" "Mozilla/5.0 AppleWebKit/537.36 (KHTML, like Gecko; compatible; GPTBot/1.3; +https://openai.com/gptbot)"
74.7.227.28 - - [17/Apr/2026:22:10:36 +0200] "GET /buy.php?item/287046036 HTTP/2" 403 1242 "https://mail.kursiwala.pk/buy.php?item/300022045" "Mozilla/5.0 AppleWebKit/537.36 (KHTML, like Gecko; compatible; GPTBot/1.3; +https://openai.com/gptbot)"
74.7.227.28 - - [17/Apr/2026:22:10:39 +0200] "GET /buy.php?item/098047571 HTTP/2" 403 1242 "https://mail.kursiwala.pk/buy.php?item/061000460" "Mozilla/5.0 AppleWebKit/537.36 (KHTML, like Gecko; compatible; GPTBot/1.3; +https://openai.com/gptbot)"
74.7.227.28 - - [17/Apr/2026:22:10:42 +0200] "GET /buy.php?item/057012194 HTTP/2" 403 1242 "https://mail.kursiwala.pk/buy.php?item/222000089" "Mozilla/5.0 AppleWebKit/537.36 (KHTML, like Gecko; compatible; GPTBot/1.3; +https://openai.com/gptbot)"
74.7.227.28 - - [17/Apr/2026:22:10:45 +0200] "GET /buy.php?item/283040816 HTTP/2" 403 1242 "https://mail.kursiwala.pk/buy.php?item/222043353" "Mozilla/5.0 AppleWebKit/537.36 (KHTML, like Gecko; compatible; GPTBot/1.3; +https://openai.com/gptbot)"
