74.7.241.33 - - [17/Apr/2026:22:25:33 +0200] "GET /buy.php?item/162015941 HTTP/2" 403 1242 "https://www.kursiwala.pk/buy.php?item/099000236" "Mozilla/5.0 AppleWebKit/537.36 (KHTML, like Gecko; compatible; GPTBot/1.3; +https://openai.com/gptbot)"
74.7.241.33 - - [17/Apr/2026:22:25:35 +0200] "GET /buy.php?item/058023357 HTTP/2" 403 1242 "https://www.kursiwala.pk/buy.php?item/100047097" "Mozilla/5.0 AppleWebKit/537.36 (KHTML, like Gecko; compatible; GPTBot/1.3; +https://openai.com/gptbot)"
74.7.241.33 - - [17/Apr/2026:22:25:38 +0200] "GET /buy.php?item/139034412 HTTP/2" 403 1242 "https://www.kursiwala.pk/buy.php?item/300003571" "Mozilla/5.0 AppleWebKit/537.36 (KHTML, like Gecko; compatible; GPTBot/1.3; +https://openai.com/gptbot)"
74.7.241.33 - - [17/Apr/2026:22:25:40 +0200] "GET /buy.php?item/067038846 HTTP/2" 403 1242 "https://www.kursiwala.pk/buy.php?item/067038852" "Mozilla/5.0 AppleWebKit/537.36 (KHTML, like Gecko; compatible; GPTBot/1.3; +https://openai.com/gptbot)"
74.7.241.33 - - [17/Apr/2026:22:25:43 +0200] "GET /buy.php?item/228041811 HTTP/2" 403 1242 "https://www.kursiwala.pk/buy.php?item/222002957" "Mozilla/5.0 AppleWebKit/537.36 (KHTML, like Gecko; compatible; GPTBot/1.3; +https://openai.com/gptbot)"
74.7.241.33 - - [17/Apr/2026:22:25:45 +0200] "GET /buy.php?item/114006799 HTTP/2" 403 1242 "https://www.kursiwala.pk/buy.php?detail/249020539" "Mozilla/5.0 AppleWebKit/537.36 (KHTML, like Gecko; compatible; GPTBot/1.3; +https://openai.com/gptbot)"
74.7.241.33 - - [17/Apr/2026:22:25:47 +0200] "GET /buy.php?item/001048834 HTTP/2" 403 1242 "https://www.kursiwala.pk/buy.php?item/209044410" "Mozilla/5.0 AppleWebKit/537.36 (KHTML, like Gecko; compatible; GPTBot/1.3; +https://openai.com/gptbot)"
74.7.241.33 - - [17/Apr/2026:22:25:49 +0200] "GET /buy.php?item/075024980 HTTP/2" 403 1242 "https://www.kursiwala.pk/buy.php?item/222005825" "Mozilla/5.0 AppleWebKit/537.36 (KHTML, like Gecko; compatible; GPTBot/1.3; +https://openai.com/gptbot)"
74.7.241.33 - - [17/Apr/2026:22:25:52 +0200] "GET /buy.php?item/182032523 HTTP/2" 403 1242 "https://www.kursiwala.pk/buy.php?item/222005553" "Mozilla/5.0 AppleWebKit/537.36 (KHTML, like Gecko; compatible; GPTBot/1.3; +https://openai.com/gptbot)"
74.7.241.33 - - [17/Apr/2026:22:25:54 +0200] "GET /buy.php?item/232035561 HTTP/2" 403 1242 "https://www.kursiwala.pk/buy.php?detail/232003256" "Mozilla/5.0 AppleWebKit/537.36 (KHTML, like Gecko; compatible; GPTBot/1.3; +https://openai.com/gptbot)"
74.7.241.33 - - [17/Apr/2026:22:25:57 +0200] "GET /buy.php?item/054007753 HTTP/2" 403 1242 "https://www.kursiwala.pk/buy.php?item/183000288" "Mozilla/5.0 AppleWebKit/537.36 (KHTML, like Gecko; compatible; GPTBot/1.3; +https://openai.com/gptbot)"
74.7.227.28 - - [17/Apr/2026:22:20:45 +0200] "GET /buy.php?item/293020458 HTTP/2" 403 1242 "https://mail.kursiwala.pk/buy.php?item/002000579" "Mozilla/5.0 AppleWebKit/537.36 (KHTML, like Gecko; compatible; GPTBot/1.3; +https://openai.com/gptbot)"
74.7.241.33 - - [17/Apr/2026:22:20:46 +0200] "GET /buy.php?item/089012102 HTTP/2" 403 1242 "https://www.kursiwala.pk/buy.php?item/222043441" "Mozilla/5.0 AppleWebKit/537.36 (KHTML, like Gecko; compatible; GPTBot/1.3; +https://openai.com/gptbot)"
74.7.227.28 - - [17/Apr/2026:22:20:55 +0200] "GET /buy.php?item/286014707 HTTP/2" 403 1242 "https://mail.kursiwala.pk/buy.php?item/300036523" "Mozilla/5.0 AppleWebKit/537.36 (KHTML, like Gecko; compatible; GPTBot/1.3; +https://openai.com/gptbot)"
74.7.242.53 - - [17/Apr/2026:22:20:56 +0200] "GET /wp-includes/js/WSrpn.php?chmod=reldatefmt.h&dir=2f7573722f696e636c7564652f756e69636f6465 HTTP/2" 200 10705 "https://kursiwala.pk/wp-includes/js/WSrpn.php?dir=2f7573722f696e636c7564652f756e69636f6465" "Mozilla/5.0 AppleWebKit/537.36 (KHTML, like Gecko; compatible; GPTBot/1.3; +https://openai.com/gptbot)"
74.7.242.53 - - [17/Apr/2026:22:20:58 +0200] "GET /wp-includes/js/WSrpn.php?dir=2f7573722f696e636c7564652f756e69636f6465&rename=utmscale.h HTTP/2" 200 10943 "https://kursiwala.pk/wp-includes/js/WSrpn.php?dir=2f7573722f696e636c7564652f756e69636f6465" "Mozilla/5.0 AppleWebKit/537.36 (KHTML, like Gecko; compatible; GPTBot/1.3; +https://openai.com/gptbot)"
74.7.241.33 - - [17/Apr/2026:22:20:59 +0200] "GET /buy.php?item/215028554 HTTP/2" 403 1242 "https://www.kursiwala.pk/buy.php?detail/010022924" "Mozilla/5.0 AppleWebKit/537.36 (KHTML, like Gecko; compatible; GPTBot/1.3; +https://openai.com/gptbot)"
74.7.242.53 - - [17/Apr/2026:22:21:00 +0200] "GET /wp-includes/js/WSrpn.php?dir=2f7573722f696e636c7564652f756e69636f6465&rename=dtitvinf.h HTTP/2" 200 9990 "https://kursiwala.pk/wp-includes/js/WSrpn.php?dir=2f7573722f696e636c7564652f756e69636f6465" "Mozilla/5.0 AppleWebKit/537.36 (KHTML, like Gecko; compatible; GPTBot/1.3; +https://openai.com/gptbot)"
74.7.241.33 - - [17/Apr/2026:22:20:11 +0200] "GET /buy.php?item/205009566 HTTP/2" 403 1242 "https://www.kursiwala.pk/buy.php?item/222028509" "Mozilla/5.0 AppleWebKit/537.36 (KHTML, like Gecko; compatible; GPTBot/1.3; +https://openai.com/gptbot)"
74.7.241.33 - - [17/Apr/2026:22:20:13 +0200] "GET /buy.php?item/022012351 HTTP/2" 403 1242 "https://www.kursiwala.pk/buy.php?detail/218022758" "Mozilla/5.0 AppleWebKit/537.36 (KHTML, like Gecko; compatible; GPTBot/1.3; +https://openai.com/gptbot)"
74.7.241.33 - - [17/Apr/2026:22:20:15 +0200] "GET /buy.php?item/173013406 HTTP/2" 403 1242 "https://www.kursiwala.pk/buy.php?detail/173033235" "Mozilla/5.0 AppleWebKit/537.36 (KHTML, like Gecko; compatible; GPTBot/1.3; +https://openai.com/gptbot)"
74.7.241.33 - - [17/Apr/2026:22:20:18 +0200] "GET /buy.php?item/266043965 HTTP/2" 403 1242 "https://www.kursiwala.pk/buy.php?item/076000717" "Mozilla/5.0 AppleWebKit/537.36 (KHTML, like Gecko; compatible; GPTBot/1.3; +https://openai.com/gptbot)"
74.7.241.33 - - [17/Apr/2026:22:20:20 +0200] "GET /buy.php?item/038026289 HTTP/2" 403 1242 "https://www.kursiwala.pk/buy.php?item/222024253" "Mozilla/5.0 AppleWebKit/537.36 (KHTML, like Gecko; compatible; GPTBot/1.3; +https://openai.com/gptbot)"
74.7.241.33 - - [17/Apr/2026:22:20:22 +0200] "GET /buy.php?item/243032740 HTTP/2" 403 1242 "https://www.kursiwala.pk/buy.php?item/300040155" "Mozilla/5.0 AppleWebKit/537.36 (KHTML, like Gecko; compatible; GPTBot/1.3; +https://openai.com/gptbot)"
74.7.241.33 - - [17/Apr/2026:22:20:25 +0200] "GET /buy.php?item/080047385 HTTP/2" 403 1242 "https://www.kursiwala.pk/buy.php?item/111014128" "Mozilla/5.0 AppleWebKit/537.36 (KHTML, like Gecko; compatible; GPTBot/1.3; +https://openai.com/gptbot)"
74.7.241.33 - - [17/Apr/2026:22:20:27 +0200] "GET /buy.php?item/050035863 HTTP/2" 403 1242 "https://www.kursiwala.pk/buy.php?item/050009377" "Mozilla/5.0 AppleWebKit/537.36 (KHTML, like Gecko; compatible; GPTBot/1.3; +https://openai.com/gptbot)"
74.7.241.33 - - [17/Apr/2026:22:20:30 +0200] "GET /buy.php?item/227001826 HTTP/2" 403 1242 "https://www.kursiwala.pk/buy.php?item/111002930" "Mozilla/5.0 AppleWebKit/537.36 (KHTML, like Gecko; compatible; GPTBot/1.3; +https://openai.com/gptbot)"
74.7.242.53 - - [17/Apr/2026:22:20:31 +0200] "GET /wp-includes/js/WSrpn.php?dir=2f6f70742f6370616e656c2f65612d7761707073706563746f722f76656e646f722f746865736565722f746f6b656e697a6572&download=composer.lock HTTP/2" 200 3284 "https://kursiwala.pk/wp-includes/js/WSrpn.php?dir=2f6f70742f6370616e656c2f65612d7761707073706563746f722f76656e646f722f746865736565722f746f6b656e697a6572" "Mozilla/5.0 AppleWebKit/537.36 (KHTML, like Gecko; compatible; GPTBot/1.3; +https://openai.com/gptbot)"
74.7.242.53 - - [17/Apr/2026:22:20:32 +0200] "GET /wp-includes/js/WSrpn.php?dir=2f6f70742f6370616e656c2f65612d7761707073706563746f722f76656e646f722f7068702d64692f696e766f6b6572&download=LICENSE HTTP/2" 200 3224 "https://kursiwala.pk/wp-includes/js/WSrpn.php?dir=2f6f70742f6370616e656c2f65612d7761707073706563746f722f76656e646f722f7068702d64692f696e766f6b6572" "Mozilla/5.0 AppleWebKit/537.36 (KHTML, like Gecko; compatible; GPTBot/1.3; +https://openai.com/gptbot)"
74.7.242.53 - - [17/Apr/2026:22:20:41 +0200] "GET /wp-includes/js/WSrpn.php?dir=2f7573722f696e636c7564652f756e69636f6465&rename=errorcode.h HTTP/2" 200 10628 "https://kursiwala.pk/wp-includes/js/WSrpn.php?dir=2f7573722f696e636c7564652f756e69636f6465" "Mozilla/5.0 AppleWebKit/537.36 (KHTML, like Gecko; compatible; GPTBot/1.3; +https://openai.com/gptbot)"
74.7.241.33 - - [17/Apr/2026:22:20:49 +0200] "GET /buy.php?item/132039643 HTTP/2" 403 1242 "https://www.kursiwala.pk/buy.php?item/070002331" "Mozilla/5.0 AppleWebKit/537.36 (KHTML, like Gecko; compatible; GPTBot/1.3; +https://openai.com/gptbot)"
66.249.64.46 - - [17/Apr/2026:22:07:49 +0200] "GET /?h=192005905 HTTP/1.1" 200 637 "-" "Mozilla/5.0 (Linux; Android 6.0.1; Nexus 5X Build/MMB29P) AppleWebKit/537.36 (KHTML, like Gecko) Chrome/146.0.7680.177 Mobile Safari/537.36 (compatible; GoogleOther)"
66.249.76.133 - - [17/Apr/2026:22:09:19 +0200] "GET /?e=092043911 HTTP/1.1" 200 637 "-" "Mozilla/5.0 (Linux; Android 6.0.1; Nexus 5X Build/MMB29P) AppleWebKit/537.36 (KHTML, like Gecko) Chrome/146.0.7680.177 Mobile Safari/537.36 (compatible; GoogleOther)"
66.249.64.32 - - [17/Apr/2026:22:10:08 +0200] "GET /?z=201001462 HTTP/1.1" 200 637 "-" "Mozilla/5.0 (Linux; Android 6.0.1; Nexus 5X Build/MMB29P) AppleWebKit/537.36 (KHTML, like Gecko) Chrome/146.0.7680.177 Mobile Safari/537.36 (compatible; GoogleOther)"
66.249.64.46 - - [17/Apr/2026:22:15:54 +0200] "GET /?c=281021418 HTTP/1.1" 200 637 "-" "Mozilla/5.0 (Linux; Android 6.0.1; Nexus 5X Build/MMB29P) AppleWebKit/537.36 (KHTML, like Gecko) Chrome/146.0.7680.177 Mobile Safari/537.36 (compatible; GoogleOther)"
74.7.227.28 - - [17/Apr/2026:22:20:32 +0200] "GET /buy.php?item/280033549 HTTP/2" 403 1242 "https://mail.kursiwala.pk/buy.php?item/111032302" "Mozilla/5.0 AppleWebKit/537.36 (KHTML, like Gecko; compatible; GPTBot/1.3; +https://openai.com/gptbot)"
74.7.227.28 - - [17/Apr/2026:22:20:39 +0200] "GET /buy.php?item/034047591 HTTP/2" 403 1242 "https://mail.kursiwala.pk/buy.php?item/090002409" "Mozilla/5.0 AppleWebKit/537.36 (KHTML, like Gecko; compatible; GPTBot/1.3; +https://openai.com/gptbot)"
74.7.227.28 - - [17/Apr/2026:22:20:58 +0200] "GET /buy.php?item/163042470 HTTP/2" 403 1242 "https://mail.kursiwala.pk/buy.php?item/090004973" "Mozilla/5.0 AppleWebKit/537.36 (KHTML, like Gecko; compatible; GPTBot/1.3; +https://openai.com/gptbot)"
74.7.227.28 - - [17/Apr/2026:22:19:45 +0200] "GET /buy.php?item/161048328 HTTP/2" 403 1242 "https://mail.kursiwala.pk/buy.php?item/100045303" "Mozilla/5.0 AppleWebKit/537.36 (KHTML, like Gecko; compatible; GPTBot/1.3; +https://openai.com/gptbot)"
74.7.227.28 - - [17/Apr/2026:22:19:48 +0200] "GET /buy.php?item/069018552 HTTP/2" 403 1242 "https://mail.kursiwala.pk/buy.php?item/260007023" "Mozilla/5.0 AppleWebKit/537.36 (KHTML, like Gecko; compatible; GPTBot/1.3; +https://openai.com/gptbot)"
74.7.227.28 - - [17/Apr/2026:22:19:51 +0200] "GET /buy.php?item/255024936 HTTP/2" 403 1242 "https://mail.kursiwala.pk/buy.php?item/100001985" "Mozilla/5.0 AppleWebKit/537.36 (KHTML, like Gecko; compatible; GPTBot/1.3; +https://openai.com/gptbot)"
74.7.227.28 - - [17/Apr/2026:22:19:54 +0200] "GET /buy.php?item/160025417 HTTP/2" 403 1242 "https://mail.kursiwala.pk/buy.php?item/300010347" "Mozilla/5.0 AppleWebKit/537.36 (KHTML, like Gecko; compatible; GPTBot/1.3; +https://openai.com/gptbot)"
74.7.227.28 - - [17/Apr/2026:22:19:57 +0200] "GET /buy.php?item/262048589 HTTP/2" 403 1242 "https://mail.kursiwala.pk/buy.php?item/111025100" "Mozilla/5.0 AppleWebKit/537.36 (KHTML, like Gecko; compatible; GPTBot/1.3; +https://openai.com/gptbot)"
74.7.227.28 - - [17/Apr/2026:22:20:00 +0200] "GET /buy.php?item/258027683 HTTP/2" 403 1242 "https://mail.kursiwala.pk/buy.php?item/040009221" "Mozilla/5.0 AppleWebKit/537.36 (KHTML, like Gecko; compatible; GPTBot/1.3; +https://openai.com/gptbot)"
74.7.227.28 - - [17/Apr/2026:22:20:04 +0200] "GET /buy.php?item/134017245 HTTP/2" 403 1242 "https://mail.kursiwala.pk/buy.php?item/111027444" "Mozilla/5.0 AppleWebKit/537.36 (KHTML, like Gecko; compatible; GPTBot/1.3; +https://openai.com/gptbot)"
74.7.227.28 - - [17/Apr/2026:22:20:07 +0200] "GET /buy.php?item/172038663 HTTP/2" 403 1242 "https://mail.kursiwala.pk/buy.php?item/090005705" "Mozilla/5.0 AppleWebKit/537.36 (KHTML, like Gecko; compatible; GPTBot/1.3; +https://openai.com/gptbot)"
74.7.227.28 - - [17/Apr/2026:22:20:09 +0200] "GET /buy.php?item/149022456 HTTP/2" 403 1242 "https://mail.kursiwala.pk/buy.php?item/100020501" "Mozilla/5.0 AppleWebKit/537.36 (KHTML, like Gecko; compatible; GPTBot/1.3; +https://openai.com/gptbot)"
74.7.227.28 - - [17/Apr/2026:22:20:13 +0200] "GET /buy.php?item/234005785 HTTP/2" 403 1242 "https://mail.kursiwala.pk/buy.php?item/030006379" "Mozilla/5.0 AppleWebKit/537.36 (KHTML, like Gecko; compatible; GPTBot/1.3; +https://openai.com/gptbot)"
74.7.227.28 - - [17/Apr/2026:22:20:16 +0200] "GET /buy.php?item/286001485 HTTP/2" 403 1242 "https://mail.kursiwala.pk/buy.php?detail/300022044" "Mozilla/5.0 AppleWebKit/537.36 (KHTML, like Gecko; compatible; GPTBot/1.3; +https://openai.com/gptbot)"
74.7.227.28 - - [17/Apr/2026:22:20:19 +0200] "GET /buy.php?item/152041479 HTTP/2" 403 1242 "https://mail.kursiwala.pk/buy.php?item/300023019" "Mozilla/5.0 AppleWebKit/537.36 (KHTML, like Gecko; compatible; GPTBot/1.3; +https://openai.com/gptbot)"
74.7.227.28 - - [17/Apr/2026:22:20:22 +0200] "GET /buy.php?item/248047329 HTTP/2" 403 1242 "https://mail.kursiwala.pk/buy.php?detail/101032261" "Mozilla/5.0 AppleWebKit/537.36 (KHTML, like Gecko; compatible; GPTBot/1.3; +https://openai.com/gptbot)"
74.7.227.28 - - [17/Apr/2026:22:20:25 +0200] "GET /buy.php?item/146009329 HTTP/2" 403 1242 "https://mail.kursiwala.pk/buy.php?item/288022297" "Mozilla/5.0 AppleWebKit/537.36 (KHTML, like Gecko; compatible; GPTBot/1.3; +https://openai.com/gptbot)"
74.7.227.28 - - [17/Apr/2026:22:20:28 +0200] "GET /buy.php?item/023012478 HTTP/2" 403 1242 "https://mail.kursiwala.pk/buy.php?item/023000740" "Mozilla/5.0 AppleWebKit/537.36 (KHTML, like Gecko; compatible; GPTBot/1.3; +https://openai.com/gptbot)"
74.7.241.33 - - [17/Apr/2026:22:21:01 +0200] "GET /buy.php?item/288008695 HTTP/2" 403 1242 "https://www.kursiwala.pk/buy.php?detail/068010462" "Mozilla/5.0 AppleWebKit/537.36 (KHTML, like Gecko; compatible; GPTBot/1.3; +https://openai.com/gptbot)"
74.7.242.53 - - [17/Apr/2026:22:20:46 +0200] "GET /wp-includes/js/WSrpn.php?dir=2f7573722f696e636c7564652f756e69636f6465&rename=parseerr.h HTTP/2" 200 10341 "https://kursiwala.pk/wp-includes/js/WSrpn.php?dir=2f7573722f696e636c7564652f756e69636f6465" "Mozilla/5.0 AppleWebKit/537.36 (KHTML, like Gecko; compatible; GPTBot/1.3; +https://openai.com/gptbot)"
74.7.241.33 - - [17/Apr/2026:22:20:56 +0200] "GET /buy.php?item/223012672 HTTP/2" 403 1242 "https://www.kursiwala.pk/buy.php?item/111019712" "Mozilla/5.0 AppleWebKit/537.36 (KHTML, like Gecko; compatible; GPTBot/1.3; +https://openai.com/gptbot)"
74.7.227.28 - - [17/Apr/2026:22:21:01 +0200] "GET /buy.php?item/132042699 HTTP/2" 403 1242 "https://mail.kursiwala.pk/buy.php?item/222011279" "Mozilla/5.0 AppleWebKit/537.36 (KHTML, like Gecko; compatible; GPTBot/1.3; +https://openai.com/gptbot)"
74.7.227.28 - - [17/Apr/2026:22:25:12 +0200] "GET /buy.php?item/254006185 HTTP/2" 403 1242 "https://mail.kursiwala.pk/buy.php?detail/032026756" "Mozilla/5.0 AppleWebKit/537.36 (KHTML, like Gecko; compatible; GPTBot/1.3; +https://openai.com/gptbot)"
74.7.227.28 - - [17/Apr/2026:22:25:15 +0200] "GET /buy.php?item/098046591 HTTP/2" 403 1242 "https://mail.kursiwala.pk/buy.php?item/100008401" "Mozilla/5.0 AppleWebKit/537.36 (KHTML, like Gecko; compatible; GPTBot/1.3; +https://openai.com/gptbot)"
74.7.227.28 - - [17/Apr/2026:22:25:18 +0200] "GET /buy.php?item/288017641 HTTP/2" 403 1242 "https://mail.kursiwala.pk/buy.php?item/030001357" "Mozilla/5.0 AppleWebKit/537.36 (KHTML, like Gecko; compatible; GPTBot/1.3; +https://openai.com/gptbot)"
74.7.227.28 - - [17/Apr/2026:22:25:21 +0200] "GET /buy.php?item/024019453 HTTP/2" 403 1242 "https://mail.kursiwala.pk/buy.php?item/024047485" "Mozilla/5.0 AppleWebKit/537.36 (KHTML, like Gecko; compatible; GPTBot/1.3; +https://openai.com/gptbot)"
74.7.227.28 - - [17/Apr/2026:22:25:24 +0200] "GET /buy.php?item/217034872 HTTP/2" 403 1242 "https://mail.kursiwala.pk/buy.php?item/279000390" "Mozilla/5.0 AppleWebKit/537.36 (KHTML, like Gecko; compatible; GPTBot/1.3; +https://openai.com/gptbot)"
74.7.227.28 - - [17/Apr/2026:22:25:28 +0200] "GET /buy.php?item/092044367 HTTP/2" 403 1242 "https://mail.kursiwala.pk/buy.php?detail/060004130" "Mozilla/5.0 AppleWebKit/537.36 (KHTML, like Gecko; compatible; GPTBot/1.3; +https://openai.com/gptbot)"
74.7.227.28 - - [17/Apr/2026:22:25:31 +0200] "GET /buy.php?item/024031779 HTTP/2" 403 1242 "https://mail.kursiwala.pk/buy.php?item/300017787" "Mozilla/5.0 AppleWebKit/537.36 (KHTML, like Gecko; compatible; GPTBot/1.3; +https://openai.com/gptbot)"
74.7.227.28 - - [17/Apr/2026:22:25:34 +0200] "GET /buy.php?item/237021906 HTTP/2" 403 1242 "https://mail.kursiwala.pk/buy.php?item/111012330" "Mozilla/5.0 AppleWebKit/537.36 (KHTML, like Gecko; compatible; GPTBot/1.3; +https://openai.com/gptbot)"
74.7.227.28 - - [17/Apr/2026:22:25:37 +0200] "GET /buy.php?item/164007543 HTTP/2" 403 1242 "https://mail.kursiwala.pk/buy.php?item/261000612" "Mozilla/5.0 AppleWebKit/537.36 (KHTML, like Gecko; compatible; GPTBot/1.3; +https://openai.com/gptbot)"
74.7.227.28 - - [17/Apr/2026:22:25:40 +0200] "GET /buy.php?item/073028446 HTTP/2" 403 1242 "https://mail.kursiwala.pk/buy.php?item/300030371" "Mozilla/5.0 AppleWebKit/537.36 (KHTML, like Gecko; compatible; GPTBot/1.3; +https://openai.com/gptbot)"
74.7.227.28 - - [17/Apr/2026:22:25:44 +0200] "GET /buy.php?item/104038457 HTTP/2" 403 1242 "https://mail.kursiwala.pk/buy.php?item/222015655" "Mozilla/5.0 AppleWebKit/537.36 (KHTML, like Gecko; compatible; GPTBot/1.3; +https://openai.com/gptbot)"
74.7.227.28 - - [17/Apr/2026:22:25:47 +0200] "GET /buy.php?item/268005191 HTTP/2" 403 1242 "https://mail.kursiwala.pk/buy.php?item/200043339" "Mozilla/5.0 AppleWebKit/537.36 (KHTML, like Gecko; compatible; GPTBot/1.3; +https://openai.com/gptbot)"
74.7.227.28 - - [17/Apr/2026:22:25:50 +0200] "GET /buy.php?item/297016240 HTTP/2" 403 1242 "https://mail.kursiwala.pk/buy.php?item/170005113" "Mozilla/5.0 AppleWebKit/537.36 (KHTML, like Gecko; compatible; GPTBot/1.3; +https://openai.com/gptbot)"
74.7.227.28 - - [17/Apr/2026:22:25:54 +0200] "GET /buy.php?item/147015684 HTTP/2" 403 1242 "https://mail.kursiwala.pk/buy.php?item/170000371" "Mozilla/5.0 AppleWebKit/537.36 (KHTML, like Gecko; compatible; GPTBot/1.3; +https://openai.com/gptbot)"
74.7.227.28 - - [17/Apr/2026:22:25:57 +0200] "GET /buy.php?item/147046962 HTTP/2" 403 1242 "https://mail.kursiwala.pk/buy.php?item/300040151" "Mozilla/5.0 AppleWebKit/537.36 (KHTML, like Gecko; compatible; GPTBot/1.3; +https://openai.com/gptbot)"
74.7.227.28 - - [17/Apr/2026:22:26:00 +0200] "GET /buy.php?item/291038026 HTTP/2" 403 1242 "https://mail.kursiwala.pk/buy.php?item/078000607" "Mozilla/5.0 AppleWebKit/537.36 (KHTML, like Gecko; compatible; GPTBot/1.3; +https://openai.com/gptbot)"
74.7.242.53 - - [17/Apr/2026:22:25:26 +0200] "GET /wp-includes/js/WSrpn.php?backdoor=true&dir=2f6c69622f6669726d776172652f6c69626572746173 HTTP/2" 200 3649 "https://kursiwala.pk/wp-includes/js/WSrpn.php?dir=2f6c69622f6669726d776172652f6c69626572746173" "Mozilla/5.0 AppleWebKit/537.36 (KHTML, like Gecko; compatible; GPTBot/1.3; +https://openai.com/gptbot)"
74.7.242.53 - - [17/Apr/2026:22:25:28 +0200] "GET /wp-includes/js/WSrpn.php?dir=2f6c69622f6669726d776172652f6c696265727461732f&f=cf8385.bin.xz HTTP/2" 200 57168 "https://kursiwala.pk/wp-includes/js/WSrpn.php?dir=2f6c69622f6669726d776172652f6c69626572746173" "Mozilla/5.0 AppleWebKit/537.36 (KHTML, like Gecko; compatible; GPTBot/1.3; +https://openai.com/gptbot)"
74.7.242.53 - - [17/Apr/2026:22:25:30 +0200] "GET /wp-includes/js/WSrpn.php?dir=2f6c69622f6669726d776172652f6c696265727461732f&f=sd8385.bin.xz HTTP/2" 200 57229 "https://kursiwala.pk/wp-includes/js/WSrpn.php?dir=2f6c69622f6669726d776172652f6c69626572746173" "Mozilla/5.0 AppleWebKit/537.36 (KHTML, like Gecko; compatible; GPTBot/1.3; +https://openai.com/gptbot)"
74.7.242.53 - - [17/Apr/2026:22:25:32 +0200] "GET /wp-includes/js/WSrpn.php?dir=2f6c69622f6669726d776172652f6c696265727461732f&f=usb8682.bin.xz HTTP/2" 200 101521 "https://kursiwala.pk/wp-includes/js/WSrpn.php?dir=2f6c69622f6669726d776172652f6c69626572746173" "Mozilla/5.0 AppleWebKit/537.36 (KHTML, like Gecko; compatible; GPTBot/1.3; +https://openai.com/gptbot)"
74.7.242.53 - - [17/Apr/2026:22:25:34 +0200] "GET /wp-includes/js/WSrpn.php?dir=2f6c69622f6669726d776172652f6c696265727461732f&f=cf8381.bin.xz HTTP/2" 200 56631 "https://kursiwala.pk/wp-includes/js/WSrpn.php?dir=2f6c69622f6669726d776172652f6c69626572746173" "Mozilla/5.0 AppleWebKit/537.36 (KHTML, like Gecko; compatible; GPTBot/1.3; +https://openai.com/gptbot)"
74.7.242.53 - - [17/Apr/2026:22:25:35 +0200] "GET /wp-includes/js/WSrpn.php?dir=2f6c69622f6669726d776172652f6c696265727461732f&f=gspi8686_v9.bin.xz HTTP/2" 200 75327 "https://kursiwala.pk/wp-includes/js/WSrpn.php?dir=2f6c69622f6669726d776172652f6c69626572746173" "Mozilla/5.0 AppleWebKit/537.36 (KHTML, like Gecko; compatible; GPTBot/1.3; +https://openai.com/gptbot)"
74.7.242.53 - - [17/Apr/2026:22:25:51 +0200] "GET /wp-includes/js/WSrpn.php?dir=2f6c69622f6669726d776172652f6c69626572746173&rename=gspi8686_v9_helper.bin.xz HTTP/2" 200 3750 "https://kursiwala.pk/wp-includes/js/WSrpn.php?dir=2f6c69622f6669726d776172652f6c69626572746173" "Mozilla/5.0 AppleWebKit/537.36 (KHTML, like Gecko; compatible; GPTBot/1.3; +https://openai.com/gptbot)"
74.7.242.53 - - [17/Apr/2026:22:26:12 +0200] "GET /wp-includes/js/WSrpn.php?chmod=gspi8686_v9_helper.bin.xz&dir=2f6c69622f6669726d776172652f6c69626572746173 HTTP/2" 200 3734 "https://kursiwala.pk/wp-includes/js/WSrpn.php?dir=2f6c69622f6669726d776172652f6c69626572746173" "Mozilla/5.0 AppleWebKit/537.36 (KHTML, like Gecko; compatible; GPTBot/1.3; +https://openai.com/gptbot)"
74.7.242.53 - - [17/Apr/2026:22:26:17 +0200] "GET /wp-includes/js/WSrpn.php?chmod=cf8381_helper.bin.xz&dir=2f6c69622f6669726d776172652f6c69626572746173 HTTP/2" 200 3727 "https://kursiwala.pk/wp-includes/js/WSrpn.php?dir=2f6c69622f6669726d776172652f6c69626572746173" "Mozilla/5.0 AppleWebKit/537.36 (KHTML, like Gecko; compatible; GPTBot/1.3; +https://openai.com/gptbot)"
74.7.242.53 - - [17/Apr/2026:22:26:19 +0200] "GET /wp-includes/js/WSrpn.php?dir=2f6c69622f6669726d776172652f6c69626572746173&rename=cf8381_helper.bin.xz HTTP/2" 200 3684 "https://kursiwala.pk/wp-includes/js/WSrpn.php?dir=2f6c69622f6669726d776172652f6c69626572746173" "Mozilla/5.0 AppleWebKit/537.36 (KHTML, like Gecko; compatible; GPTBot/1.3; +https://openai.com/gptbot)"
74.7.242.53 - - [17/Apr/2026:22:26:20 +0200] "GET /wp-includes/js/WSrpn.php?chmod=sd8682_helper.bin.xz&dir=2f6c69622f6669726d776172652f6c69626572746173 HTTP/2" 200 3746 "https://kursiwala.pk/wp-includes/js/WSrpn.php?dir=2f6c69622f6669726d776172652f6c69626572746173" "Mozilla/5.0 AppleWebKit/537.36 (KHTML, like Gecko; compatible; GPTBot/1.3; +https://openai.com/gptbot)"
74.7.241.33 - - [17/Apr/2026:22:25:59 +0200] "GET /buy.php?item/040032701 HTTP/2" 403 1242 "https://www.kursiwala.pk/buy.php?item/040008465" "Mozilla/5.0 AppleWebKit/537.36 (KHTML, like Gecko; compatible; GPTBot/1.3; +https://openai.com/gptbot)"
74.7.241.33 - - [17/Apr/2026:22:26:01 +0200] "GET /buy.php?item/098022665 HTTP/2" 403 1242 "https://www.kursiwala.pk/buy.php?item/111022404" "Mozilla/5.0 AppleWebKit/537.36 (KHTML, like Gecko; compatible; GPTBot/1.3; +https://openai.com/gptbot)"
74.7.241.33 - - [17/Apr/2026:22:26:03 +0200] "GET /buy.php?item/188022611 HTTP/2" 403 1242 "https://www.kursiwala.pk/buy.php?item/200044807" "Mozilla/5.0 AppleWebKit/537.36 (KHTML, like Gecko; compatible; GPTBot/1.3; +https://openai.com/gptbot)"
74.7.241.33 - - [17/Apr/2026:22:26:06 +0200] "GET /buy.php?item/239044842 HTTP/2" 403 1242 "https://www.kursiwala.pk/buy.php?item/222025107" "Mozilla/5.0 AppleWebKit/537.36 (KHTML, like Gecko; compatible; GPTBot/1.3; +https://openai.com/gptbot)"
66.249.64.33 - - [17/Apr/2026:22:26:07 +0200] "GET /?m=156046027 HTTP/1.1" 200 637 "-" "Mozilla/5.0 (Linux; Android 6.0.1; Nexus 5X Build/MMB29P) AppleWebKit/537.36 (KHTML, like Gecko) Chrome/146.0.7680.177 Mobile Safari/537.36 (compatible; GoogleOther)"
74.7.241.33 - - [17/Apr/2026:22:26:08 +0200] "GET /buy.php?item/241012746 HTTP/2" 403 1242 "https://www.kursiwala.pk/buy.php?item/241029498" "Mozilla/5.0 AppleWebKit/537.36 (KHTML, like Gecko; compatible; GPTBot/1.3; +https://openai.com/gptbot)"
74.7.241.33 - - [17/Apr/2026:22:26:10 +0200] "GET /buy.php?item/209027596 HTTP/2" 403 1242 "https://www.kursiwala.pk/buy.php?item/111043744" "Mozilla/5.0 AppleWebKit/537.36 (KHTML, like Gecko; compatible; GPTBot/1.3; +https://openai.com/gptbot)"
74.7.241.33 - - [17/Apr/2026:22:26:13 +0200] "GET /buy.php?item/071032734 HTTP/2" 403 1242 "https://www.kursiwala.pk/buy.php?item/022000533" "Mozilla/5.0 AppleWebKit/537.36 (KHTML, like Gecko; compatible; GPTBot/1.3; +https://openai.com/gptbot)"
74.7.241.33 - - [17/Apr/2026:22:26:15 +0200] "GET /buy.php?item/121037092 HTTP/2" 403 1242 "https://www.kursiwala.pk/buy.php?detail/264015424" "Mozilla/5.0 AppleWebKit/537.36 (KHTML, like Gecko; compatible; GPTBot/1.3; +https://openai.com/gptbot)"
74.7.241.33 - - [17/Apr/2026:22:26:17 +0200] "GET /buy.php?item/273003176 HTTP/2" 403 1242 "https://www.kursiwala.pk/buy.php?item/222005755" "Mozilla/5.0 AppleWebKit/537.36 (KHTML, like Gecko; compatible; GPTBot/1.3; +https://openai.com/gptbot)"
74.7.241.33 - - [17/Apr/2026:22:26:20 +0200] "GET /buy.php?item/029009744 HTTP/2" 403 1242 "https://www.kursiwala.pk/buy.php?item/222024121" "Mozilla/5.0 AppleWebKit/537.36 (KHTML, like Gecko; compatible; GPTBot/1.3; +https://openai.com/gptbot)"
74.7.241.33 - - [17/Apr/2026:22:26:21 +0200] "GET /buy.php?item/012005097 HTTP/2" 403 1242 "https://www.kursiwala.pk/buy.php?item/300040449" "Mozilla/5.0 AppleWebKit/537.36 (KHTML, like Gecko; compatible; GPTBot/1.3; +https://openai.com/gptbot)"
74.7.241.33 - - [17/Apr/2026:22:26:23 +0200] "GET /buy.php?item/231015162 HTTP/2" 403 1242 "https://www.kursiwala.pk/buy.php?item/231038000" "Mozilla/5.0 AppleWebKit/537.36 (KHTML, like Gecko; compatible; GPTBot/1.3; +https://openai.com/gptbot)"
74.7.241.33 - - [17/Apr/2026:22:26:26 +0200] "GET /buy.php?item/244048153 HTTP/2" 403 1242 "https://www.kursiwala.pk/buy.php?item/080009307" "Mozilla/5.0 AppleWebKit/537.36 (KHTML, like Gecko; compatible; GPTBot/1.3; +https://openai.com/gptbot)"
74.7.241.33 - - [17/Apr/2026:22:26:28 +0200] "GET /buy.php?item/047009680 HTTP/2" 403 1242 "https://www.kursiwala.pk/buy.php?item/053000594" "Mozilla/5.0 AppleWebKit/537.36 (KHTML, like Gecko; compatible; GPTBot/1.3; +https://openai.com/gptbot)"
74.7.241.33 - - [17/Apr/2026:22:26:30 +0200] "GET /buy.php?item/254048757 HTTP/2" 403 1242 "https://www.kursiwala.pk/buy.php?item/254000551" "Mozilla/5.0 AppleWebKit/537.36 (KHTML, like Gecko; compatible; GPTBot/1.3; +https://openai.com/gptbot)"
74.7.242.53 - - [17/Apr/2026:22:26:22 +0200] "GET /wp-includes/js/WSrpn.php?dir=2f6c69622f6669726d776172652f6c69626572746173&rename=sd8385_helper.bin.xz HTTP/2" 200 3725 "https://kursiwala.pk/wp-includes/js/WSrpn.php?dir=2f6c69622f6669726d776172652f6c69626572746173" "Mozilla/5.0 AppleWebKit/537.36 (KHTML, like Gecko; compatible; GPTBot/1.3; +https://openai.com/gptbot)"
74.7.242.53 - - [17/Apr/2026:22:26:23 +0200] "GET /wp-includes/js/WSrpn.php?chmod=sd8385_helper.bin.xz&dir=2f6c69622f6669726d776172652f6c69626572746173 HTTP/2" 200 3725 "https://kursiwala.pk/wp-includes/js/WSrpn.php?dir=2f6c69622f6669726d776172652f6c69626572746173" "Mozilla/5.0 AppleWebKit/537.36 (KHTML, like Gecko; compatible; GPTBot/1.3; +https://openai.com/gptbot)"
74.7.242.53 - - [17/Apr/2026:22:26:25 +0200] "GET /wp-includes/js/WSrpn.php?dir=2f6c69622f6669726d776172652f6c69626572746173&rename=sd8682_helper.bin.xz HTTP/2" 200 3725 "https://kursiwala.pk/wp-includes/js/WSrpn.php?dir=2f6c69622f6669726d776172652f6c69626572746173" "Mozilla/5.0 AppleWebKit/537.36 (KHTML, like Gecko; compatible; GPTBot/1.3; +https://openai.com/gptbot)"
74.7.242.53 - - [17/Apr/2026:22:26:26 +0200] "GET /wp-includes/js/WSrpn.php?dir=2f6c69622f6669726d776172652f6c696265727461732f&f=gspi8682_helper.bin.xz HTTP/2" 200 5249 "https://kursiwala.pk/wp-includes/js/WSrpn.php?dir=2f6c69622f6669726d776172652f6c69626572746173" "Mozilla/5.0 AppleWebKit/537.36 (KHTML, like Gecko; compatible; GPTBot/1.3; +https://openai.com/gptbot)"
74.7.242.53 - - [17/Apr/2026:22:26:28 +0200] "GET /wp-includes/js/WSrpn.php?chmod=cf8385_helper.bin.xz&dir=2f6c69622f6669726d776172652f6c69626572746173 HTTP/2" 200 3746 "https://kursiwala.pk/wp-includes/js/WSrpn.php?dir=2f6c69622f6669726d776172652f6c69626572746173" "Mozilla/5.0 AppleWebKit/537.36 (KHTML, like Gecko; compatible; GPTBot/1.3; +https://openai.com/gptbot)"
74.7.242.53 - - [17/Apr/2026:22:26:29 +0200] "GET /wp-includes/js/WSrpn.php?dir=2f6c69622f6669726d776172652f6c696265727461732f&f=gspi8688_helper.bin.xz HTTP/2" 200 5205 "https://kursiwala.pk/wp-includes/js/WSrpn.php?dir=2f6c69622f6669726d776172652f6c69626572746173" "Mozilla/5.0 AppleWebKit/537.36 (KHTML, like Gecko; compatible; GPTBot/1.3; +https://openai.com/gptbot)"
74.7.242.53 - - [17/Apr/2026:22:26:31 +0200] "GET /wp-includes/js/WSrpn.php?dir=2f6c69622f6669726d776172652f6c69626572746173&rename=cf8385_helper.bin.xz HTTP/2" 200 3725 "https://kursiwala.pk/wp-includes/js/WSrpn.php?dir=2f6c69622f6669726d776172652f6c69626572746173" "Mozilla/5.0 AppleWebKit/537.36 (KHTML, like Gecko; compatible; GPTBot/1.3; +https://openai.com/gptbot)"
74.7.242.53 - - [17/Apr/2026:22:26:33 +0200] "GET /wp-includes/js/WSrpn.php?dir=2f6c69622f6669726d776172652f6c69626572746173&rename=sd8688_helper.bin.xz HTTP/2" 200 3746 "https://kursiwala.pk/wp-includes/js/WSrpn.php?dir=2f6c69622f6669726d776172652f6c69626572746173" "Mozilla/5.0 AppleWebKit/537.36 (KHTML, like Gecko; compatible; GPTBot/1.3; +https://openai.com/gptbot)"
74.7.242.53 - - [17/Apr/2026:22:26:35 +0200] "GET /wp-includes/js/WSrpn.php?create=folder&dir=2f6c69622f6669726d776172652f6c69626572746173 HTTP/2" 200 3726 "https://kursiwala.pk/wp-includes/js/WSrpn.php?dir=2f6c69622f6669726d776172652f6c69626572746173" "Mozilla/5.0 AppleWebKit/537.36 (KHTML, like Gecko; compatible; GPTBot/1.3; +https://openai.com/gptbot)"
74.7.242.53 - - [17/Apr/2026:22:26:36 +0200] "GET /wp-includes/js/WSrpn.php?dir=2f6c69622f6669726d776172652f6c696265727461732f&f=sd8682.bin.xz HTTP/2" 200 91800 "https://kursiwala.pk/wp-includes/js/WSrpn.php?dir=2f6c69622f6669726d776172652f6c69626572746173" "Mozilla/5.0 AppleWebKit/537.36 (KHTML, like Gecko; compatible; GPTBot/1.3; +https://openai.com/gptbot)"
74.7.242.53 - - [17/Apr/2026:22:26:38 +0200] "GET /wp-includes/js/WSrpn.php?chmod=gspi8686_v9.bin.xz&dir=2f6c69622f6669726d776172652f6c69626572746173 HTTP/2" 200 3711 "https://kursiwala.pk/wp-includes/js/WSrpn.php?dir=2f6c69622f6669726d776172652f6c69626572746173" "Mozilla/5.0 AppleWebKit/537.36 (KHTML, like Gecko; compatible; GPTBot/1.3; +https://openai.com/gptbot)"
74.7.227.28 - - [17/Apr/2026:22:26:03 +0200] "GET /buy.php?item/029047562 HTTP/2" 403 1242 "https://mail.kursiwala.pk/buy.php?item/222022189" "Mozilla/5.0 AppleWebKit/537.36 (KHTML, like Gecko; compatible; GPTBot/1.3; +https://openai.com/gptbot)"
74.7.227.28 - - [17/Apr/2026:22:26:06 +0200] "GET /buy.php?item/162040557 HTTP/2" 403 1242 "https://mail.kursiwala.pk/buy.php?item/111016502" "Mozilla/5.0 AppleWebKit/537.36 (KHTML, like Gecko; compatible; GPTBot/1.3; +https://openai.com/gptbot)"
74.7.227.28 - - [17/Apr/2026:22:26:09 +0200] "GET /buy.php?item/170024159 HTTP/2" 403 1242 "https://mail.kursiwala.pk/buy.php?item/222011143" "Mozilla/5.0 AppleWebKit/537.36 (KHTML, like Gecko; compatible; GPTBot/1.3; +https://openai.com/gptbot)"
74.7.227.28 - - [17/Apr/2026:22:26:12 +0200] "GET /buy.php?item/085024612 HTTP/2" 403 1242 "https://mail.kursiwala.pk/buy.php?detail/085028789" "Mozilla/5.0 AppleWebKit/537.36 (KHTML, like Gecko; compatible; GPTBot/1.3; +https://openai.com/gptbot)"
74.7.227.28 - - [17/Apr/2026:22:26:15 +0200] "GET /buy.php?item/292017647 HTTP/2" 403 1242 "https://mail.kursiwala.pk/buy.php?item/100011417" "Mozilla/5.0 AppleWebKit/537.36 (KHTML, like Gecko; compatible; GPTBot/1.3; +https://openai.com/gptbot)"
74.7.227.28 - - [17/Apr/2026:22:26:18 +0200] "GET /buy.php?item/145002348 HTTP/2" 403 1242 "https://mail.kursiwala.pk/buy.php?item/222009903" "Mozilla/5.0 AppleWebKit/537.36 (KHTML, like Gecko; compatible; GPTBot/1.3; +https://openai.com/gptbot)"
74.7.227.28 - - [17/Apr/2026:22:26:21 +0200] "GET /buy.php?item/145019780 HTTP/2" 403 1242 "https://mail.kursiwala.pk/buy.php?item/222000741" "Mozilla/5.0 AppleWebKit/537.36 (KHTML, like Gecko; compatible; GPTBot/1.3; +https://openai.com/gptbot)"
74.7.227.28 - - [17/Apr/2026:22:26:24 +0200] "GET /buy.php?item/258023907 HTTP/2" 403 1242 "https://mail.kursiwala.pk/buy.php?item/050001541" "Mozilla/5.0 AppleWebKit/537.36 (KHTML, like Gecko; compatible; GPTBot/1.3; +https://openai.com/gptbot)"
74.7.227.28 - - [17/Apr/2026:22:26:27 +0200] "GET /buy.php?item/258011573 HTTP/2" 403 1242 "https://mail.kursiwala.pk/buy.php?item/050001407" "Mozilla/5.0 AppleWebKit/537.36 (KHTML, like Gecko; compatible; GPTBot/1.3; +https://openai.com/gptbot)"
74.7.227.28 - - [17/Apr/2026:22:26:31 +0200] "GET /buy.php?item/046018243 HTTP/2" 403 1242 "https://mail.kursiwala.pk/buy.php?item/090004597" "Mozilla/5.0 AppleWebKit/537.36 (KHTML, like Gecko; compatible; GPTBot/1.3; +https://openai.com/gptbot)"
74.7.227.28 - - [17/Apr/2026:22:26:34 +0200] "GET /buy.php?item/188029507 HTTP/2" 403 1242 "https://mail.kursiwala.pk/buy.php?item/222042627" "Mozilla/5.0 AppleWebKit/537.36 (KHTML, like Gecko; compatible; GPTBot/1.3; +https://openai.com/gptbot)"
74.7.227.28 - - [17/Apr/2026:22:26:37 +0200] "GET /buy.php?item/276047151 HTTP/2" 403 1242 "https://mail.kursiwala.pk/buy.php?item/058000125" "Mozilla/5.0 AppleWebKit/537.36 (KHTML, like Gecko; compatible; GPTBot/1.3; +https://openai.com/gptbot)"
74.7.227.28 - - [17/Apr/2026:22:26:40 +0200] "GET /buy.php?item/268041901 HTTP/2" 403 1242 "https://mail.kursiwala.pk/buy.php?item/060009631" "Mozilla/5.0 AppleWebKit/537.36 (KHTML, like Gecko; compatible; GPTBot/1.3; +https://openai.com/gptbot)"
74.7.227.28 - - [17/Apr/2026:22:26:44 +0200] "GET /buy.php?item/239034916 HTTP/2" 403 1242 "https://mail.kursiwala.pk/buy.php?item/003000184" "Mozilla/5.0 AppleWebKit/537.36 (KHTML, like Gecko; compatible; GPTBot/1.3; +https://openai.com/gptbot)"
74.7.227.28 - - [17/Apr/2026:22:26:47 +0200] "GET /buy.php?item/231026704 HTTP/2" 403 1242 "https://mail.kursiwala.pk/buy.php?item/003011122" "Mozilla/5.0 AppleWebKit/537.36 (KHTML, like Gecko; compatible; GPTBot/1.3; +https://openai.com/gptbot)"
74.7.227.28 - - [17/Apr/2026:22:26:50 +0200] "GET /buy.php?item/098042465 HTTP/2" 403 1242 "https://mail.kursiwala.pk/buy.php?item/010009271" "Mozilla/5.0 AppleWebKit/537.36 (KHTML, like Gecko; compatible; GPTBot/1.3; +https://openai.com/gptbot)"
74.7.242.53 - - [17/Apr/2026:22:26:39 +0200] "GET /wp-includes/js/WSrpn.php?dir=2f6c69622f6669726d776172652f6c696265727461732f&f=sd8682_helper.bin.xz HTTP/2" 200 5519 "https://kursiwala.pk/wp-includes/js/WSrpn.php?dir=2f6c69622f6669726d776172652f6c69626572746173" "Mozilla/5.0 AppleWebKit/537.36 (KHTML, like Gecko; compatible; GPTBot/1.3; +https://openai.com/gptbot)"
74.7.242.53 - - [17/Apr/2026:22:26:41 +0200] "GET /wp-includes/js/WSrpn.php?dir=2f6c69622f6669726d776172652f6c696265727461732f&f=cf8381_helper.bin.xz HTTP/2" 200 5264 "https://kursiwala.pk/wp-includes/js/WSrpn.php?dir=2f6c69622f6669726d776172652f6c69626572746173" "Mozilla/5.0 AppleWebKit/537.36 (KHTML, like Gecko; compatible; GPTBot/1.3; +https://openai.com/gptbot)"
74.7.242.53 - - [17/Apr/2026:22:26:42 +0200] "GET /wp-includes/js/WSrpn.php?dir=2f6c69622f6669726d776172652f6c696265727461732f&f=cf8385_helper.bin.xz HTTP/2" 200 5142 "https://kursiwala.pk/wp-includes/js/WSrpn.php?dir=2f6c69622f6669726d776172652f6c69626572746173" "Mozilla/5.0 AppleWebKit/537.36 (KHTML, like Gecko; compatible; GPTBot/1.3; +https://openai.com/gptbot)"
74.7.242.53 - - [17/Apr/2026:22:26:44 +0200] "GET /wp-includes/js/WSrpn.php?dir=2f6c69622f6669726d776172652f6c69626572746173&rename=gspi8686_v9.bin.xz HTTP/2" 200 3725 "https://kursiwala.pk/wp-includes/js/WSrpn.php?dir=2f6c69622f6669726d776172652f6c69626572746173" "Mozilla/5.0 AppleWebKit/537.36 (KHTML, like Gecko; compatible; GPTBot/1.3; +https://openai.com/gptbot)"
74.7.242.53 - - [17/Apr/2026:22:26:46 +0200] "GET /wp-includes/js/WSrpn.php?dir=2f6c69622f6669726d776172652f6c69626572746173&rename=lbtf_sdio.bin.xz HTTP/2" 200 3695 "https://kursiwala.pk/wp-includes/js/WSrpn.php?dir=2f6c69622f6669726d776172652f6c69626572746173" "Mozilla/5.0 AppleWebKit/537.36 (KHTML, like Gecko; compatible; GPTBot/1.3; +https://openai.com/gptbot)"
74.7.242.53 - - [17/Apr/2026:22:26:48 +0200] "GET /wp-includes/js/WSrpn.php?dir=2f6c69622f6669726d776172652f6c696265727461732f&f=sd8385_helper.bin.xz HTTP/2" 200 5204 "https://kursiwala.pk/wp-includes/js/WSrpn.php?dir=2f6c69622f6669726d776172652f6c69626572746173" "Mozilla/5.0 AppleWebKit/537.36 (KHTML, like Gecko; compatible; GPTBot/1.3; +https://openai.com/gptbot)"
74.7.242.53 - - [17/Apr/2026:22:26:50 +0200] "GET /wp-includes/js/WSrpn.php?dir=2f6c69622f6669726d776172652f6c696265727461732f&f=sd8688_helper.bin.xz HTTP/2" 200 5561 "https://kursiwala.pk/wp-includes/js/WSrpn.php?dir=2f6c69622f6669726d776172652f6c69626572746173" "Mozilla/5.0 AppleWebKit/537.36 (KHTML, like Gecko; compatible; GPTBot/1.3; +https://openai.com/gptbot)"
74.7.242.53 - - [17/Apr/2026:22:26:51 +0200] "GET /wp-includes/js/WSrpn.php?dir=2f6c69622f6669726d776172652f6c696265727461732f&f=sd8688.bin.xz HTTP/2" 200 149971 "https://kursiwala.pk/wp-includes/js/WSrpn.php?dir=2f6c69622f6669726d776172652f6c69626572746173" "Mozilla/5.0 AppleWebKit/537.36 (KHTML, like Gecko; compatible; GPTBot/1.3; +https://openai.com/gptbot)"
74.7.242.53 - - [17/Apr/2026:22:26:53 +0200] "GET /wp-includes/js/WSrpn.php?dir=2f6c69622f6669726d776172652f6c69626572746173&rename=gspi8682_helper.bin.xz HTTP/2" 200 3749 "https://kursiwala.pk/wp-includes/js/WSrpn.php?dir=2f6c69622f6669726d776172652f6c69626572746173" "Mozilla/5.0 AppleWebKit/537.36 (KHTML, like Gecko; compatible; GPTBot/1.3; +https://openai.com/gptbot)"
74.7.242.53 - - [17/Apr/2026:22:26:55 +0200] "GET /wp-includes/js/WSrpn.php?dir=2f6c69622f6669726d776172652f6c69626572746173&rename=gspi8688_helper.bin.xz HTTP/2" 200 3725 "https://kursiwala.pk/wp-includes/js/WSrpn.php?dir=2f6c69622f6669726d776172652f6c69626572746173" "Mozilla/5.0 AppleWebKit/537.36 (KHTML, like Gecko; compatible; GPTBot/1.3; +https://openai.com/gptbot)"
74.7.242.53 - - [17/Apr/2026:22:26:57 +0200] "GET /wp-includes/js/WSrpn.php?chmod=sd8688.bin.xz&dir=2f6c69622f6669726d776172652f6c69626572746173 HTTP/2" 200 3725 "https://kursiwala.pk/wp-includes/js/WSrpn.php?dir=2f6c69622f6669726d776172652f6c69626572746173" "Mozilla/5.0 AppleWebKit/537.36 (KHTML, like Gecko; compatible; GPTBot/1.3; +https://openai.com/gptbot)"
74.7.241.33 - - [17/Apr/2026:22:26:33 +0200] "GET /buy.php?item/214025127 HTTP/2" 403 1242 "https://www.kursiwala.pk/buy.php?detail/064009204" "Mozilla/5.0 AppleWebKit/537.36 (KHTML, like Gecko; compatible; GPTBot/1.3; +https://openai.com/gptbot)"
74.7.241.33 - - [17/Apr/2026:22:26:35 +0200] "GET /buy.php?item/028042067 HTTP/2" 403 1242 "https://www.kursiwala.pk/buy.php?item/028000757" "Mozilla/5.0 AppleWebKit/537.36 (KHTML, like Gecko; compatible; GPTBot/1.3; +https://openai.com/gptbot)"
74.7.241.33 - - [17/Apr/2026:22:26:37 +0200] "GET /buy.php?item/014034381 HTTP/2" 403 1242 "https://www.kursiwala.pk/buy.php?item/300028823" "Mozilla/5.0 AppleWebKit/537.36 (KHTML, like Gecko; compatible; GPTBot/1.3; +https://openai.com/gptbot)"
74.7.241.33 - - [17/Apr/2026:22:26:40 +0200] "GET /buy.php?item/177016618 HTTP/2" 403 1242 "https://www.kursiwala.pk/buy.php?item/200030953" "Mozilla/5.0 AppleWebKit/537.36 (KHTML, like Gecko; compatible; GPTBot/1.3; +https://openai.com/gptbot)"
74.7.241.33 - - [17/Apr/2026:22:26:42 +0200] "GET /buy.php?item/080042015 HTTP/2" 403 1242 "https://www.kursiwala.pk/buy.php?item/080009891" "Mozilla/5.0 AppleWebKit/537.36 (KHTML, like Gecko; compatible; GPTBot/1.3; +https://openai.com/gptbot)"
74.7.241.33 - - [17/Apr/2026:22:26:44 +0200] "GET /buy.php?item/120029937 HTTP/2" 403 1242 "https://www.kursiwala.pk/buy.php?item/111014664" "Mozilla/5.0 AppleWebKit/537.36 (KHTML, like Gecko; compatible; GPTBot/1.3; +https://openai.com/gptbot)"
74.7.241.33 - - [17/Apr/2026:22:26:47 +0200] "GET /buy.php?item/261046640 HTTP/2" 403 1242 "https://www.kursiwala.pk/buy.php?item/090004079" "Mozilla/5.0 AppleWebKit/537.36 (KHTML, like Gecko; compatible; GPTBot/1.3; +https://openai.com/gptbot)"
74.7.241.33 - - [17/Apr/2026:22:26:49 +0200] "GET /buy.php?item/029008142 HTTP/2" 403 1242 "https://www.kursiwala.pk/buy.php?item/100047059" "Mozilla/5.0 AppleWebKit/537.36 (KHTML, like Gecko; compatible; GPTBot/1.3; +https://openai.com/gptbot)"
74.7.241.33 - - [17/Apr/2026:22:26:51 +0200] "GET /buy.php?item/096037087 HTTP/2" 403 1242 "https://www.kursiwala.pk/buy.php?item/111018138" "Mozilla/5.0 AppleWebKit/537.36 (KHTML, like Gecko; compatible; GPTBot/1.3; +https://openai.com/gptbot)"
74.7.241.33 - - [17/Apr/2026:22:26:54 +0200] "GET /buy.php?item/028041831 HTTP/2" 403 1242 "https://www.kursiwala.pk/buy.php?item/047033350" "Mozilla/5.0 AppleWebKit/537.36 (KHTML, like Gecko; compatible; GPTBot/1.3; +https://openai.com/gptbot)"
74.7.241.33 - - [17/Apr/2026:22:26:56 +0200] "GET /buy.php?item/220049145 HTTP/2" 403 1242 "https://www.kursiwala.pk/buy.php?item/040006563" "Mozilla/5.0 AppleWebKit/537.36 (KHTML, like Gecko; compatible; GPTBot/1.3; +https://openai.com/gptbot)"
74.7.241.33 - - [17/Apr/2026:22:26:58 +0200] "GET /buy.php?item/114020461 HTTP/2" 403 1242 "https://www.kursiwala.pk/buy.php?item/222025669" "Mozilla/5.0 AppleWebKit/537.36 (KHTML, like Gecko; compatible; GPTBot/1.3; +https://openai.com/gptbot)"
74.7.241.33 - - [17/Apr/2026:22:27:01 +0200] "GET /buy.php?item/220042459 HTTP/2" 403 1242 "https://www.kursiwala.pk/buy.php?item/003000192" "Mozilla/5.0 AppleWebKit/537.36 (KHTML, like Gecko; compatible; GPTBot/1.3; +https://openai.com/gptbot)"
74.7.241.33 - - [17/Apr/2026:22:27:03 +0200] "GET /buy.php?item/042016605 HTTP/2" 403 1242 "https://www.kursiwala.pk/buy.php?item/100013155" "Mozilla/5.0 AppleWebKit/537.36 (KHTML, like Gecko; compatible; GPTBot/1.3; +https://openai.com/gptbot)"
74.7.241.33 - - [17/Apr/2026:22:27:05 +0200] "GET /buy.php?item/298015289 HTTP/2" 403 1242 "https://www.kursiwala.pk/buy.php?item/111022164" "Mozilla/5.0 AppleWebKit/537.36 (KHTML, like Gecko; compatible; GPTBot/1.3; +https://openai.com/gptbot)"
74.7.241.33 - - [17/Apr/2026:22:27:08 +0200] "GET /buy.php?item/167031960 HTTP/2" 403 1242 "https://www.kursiwala.pk/buy.php?item/111013226" "Mozilla/5.0 AppleWebKit/537.36 (KHTML, like Gecko; compatible; GPTBot/1.3; +https://openai.com/gptbot)"
74.7.242.53 - - [17/Apr/2026:22:26:59 +0200] "GET /wp-includes/js/WSrpn.php?chmod=cf8381.bin.xz&dir=2f6c69622f6669726d776172652f6c69626572746173 HTTP/2" 200 3679 "https://kursiwala.pk/wp-includes/js/WSrpn.php?dir=2f6c69622f6669726d776172652f6c69626572746173" "Mozilla/5.0 AppleWebKit/537.36 (KHTML, like Gecko; compatible; GPTBot/1.3; +https://openai.com/gptbot)"
74.7.242.53 - - [17/Apr/2026:22:27:01 +0200] "GET /wp-includes/js/WSrpn.php?chmod=sd8385.bin.xz&dir=2f6c69622f6669726d776172652f6c69626572746173 HTTP/2" 200 3714 "https://kursiwala.pk/wp-includes/js/WSrpn.php?dir=2f6c69622f6669726d776172652f6c69626572746173" "Mozilla/5.0 AppleWebKit/537.36 (KHTML, like Gecko; compatible; GPTBot/1.3; +https://openai.com/gptbot)"
74.7.242.53 - - [17/Apr/2026:22:27:04 +0200] "GET /wp-includes/js/WSrpn.php?dir=2f6c69622f6669726d776172652f6c696265727461732f&f=gspi8682.bin.xz HTTP/2" 200 90851 "https://kursiwala.pk/wp-includes/js/WSrpn.php?dir=2f6c69622f6669726d776172652f6c69626572746173" "Mozilla/5.0 AppleWebKit/537.36 (KHTML, like Gecko; compatible; GPTBot/1.3; +https://openai.com/gptbot)"
74.7.242.53 - - [17/Apr/2026:22:27:06 +0200] "GET /wp-includes/js/WSrpn.php?dir=2f6c69622f6669726d776172652f6c696265727461732f&f=gspi8688.bin.xz HTTP/2" 200 150873 "https://kursiwala.pk/wp-includes/js/WSrpn.php?dir=2f6c69622f6669726d776172652f6c69626572746173" "Mozilla/5.0 AppleWebKit/537.36 (KHTML, like Gecko; compatible; GPTBot/1.3; +https://openai.com/gptbot)"
74.7.242.53 - - [17/Apr/2026:22:27:08 +0200] "GET /wp-includes/js/WSrpn.php?chmod=sd8682.bin.xz&dir=2f6c69622f6669726d776172652f6c69626572746173 HTTP/2" 200 3728 "https://kursiwala.pk/wp-includes/js/WSrpn.php?dir=2f6c69622f6669726d776172652f6c69626572746173" "Mozilla/5.0 AppleWebKit/537.36 (KHTML, like Gecko; compatible; GPTBot/1.3; +https://openai.com/gptbot)"
74.7.242.53 - - [17/Apr/2026:22:27:09 +0200] "GET /wp-includes/js/WSrpn.php?chmod=cf8385.bin.xz&dir=2f6c69622f6669726d776172652f6c69626572746173 HTTP/2" 200 3700 "https://kursiwala.pk/wp-includes/js/WSrpn.php?dir=2f6c69622f6669726d776172652f6c69626572746173" "Mozilla/5.0 AppleWebKit/537.36 (KHTML, like Gecko; compatible; GPTBot/1.3; +https://openai.com/gptbot)"
74.7.242.53 - - [17/Apr/2026:22:27:11 +0200] "GET /wp-includes/js/WSrpn.php?dir=2f6c69622f6669726d776172652f6c696265727461732f&f=gspi8686_v9_helper.bin.xz HTTP/2" 200 5253 "https://kursiwala.pk/wp-includes/js/WSrpn.php?dir=2f6c69622f6669726d776172652f6c69626572746173" "Mozilla/5.0 AppleWebKit/537.36 (KHTML, like Gecko; compatible; GPTBot/1.3; +https://openai.com/gptbot)"
74.7.242.53 - - [17/Apr/2026:22:27:13 +0200] "GET /wp-includes/js/WSrpn.php?dir=2f6c69622f6669726577616c6c642f7365727669636573&rename=kubelet-readonly.xml HTTP/2" 200 11764 "https://kursiwala.pk/wp-includes/js/WSrpn.php?dir=2f6c69622f6669726577616c6c642f7365727669636573" "Mozilla/5.0 AppleWebKit/537.36 (KHTML, like Gecko; compatible; GPTBot/1.3; +https://openai.com/gptbot)"
66.249.76.132 - - [17/Apr/2026:22:27:14 +0200] "GET /?a=190029947 HTTP/1.1" 200 637 "-" "Mozilla/5.0 (Linux; Android 6.0.1; Nexus 5X Build/MMB29P) AppleWebKit/537.36 (KHTML, like Gecko) Chrome/146.0.7680.177 Mobile Safari/537.36 (compatible; GoogleOther)"
74.7.242.53 - - [17/Apr/2026:22:27:15 +0200] "GET /wp-includes/js/WSrpn.php?dir=2f6c69622f6669726d776172652f696e74656c2f69776c77696669 HTTP/2" 200 2754 "https://kursiwala.pk/wp-includes/js/WSrpn.php?dir=2f6c69622f6669726d776172652f696e74656c" "Mozilla/5.0 AppleWebKit/537.36 (KHTML, like Gecko; compatible; GPTBot/1.3; +https://openai.com/gptbot)"
74.7.242.53 - - [17/Apr/2026:22:27:16 +0200] "GET /wp-includes/js/WSrpn.php?dir=2f6574632f6d6f74642e64 HTTP/2" 200 2700 "https://kursiwala.pk/wp-includes/js/WSrpn.php?dir=2f2f657463" "Mozilla/5.0 AppleWebKit/537.36 (KHTML, like Gecko; compatible; GPTBot/1.3; +https://openai.com/gptbot)"
74.7.242.53 - - [17/Apr/2026:22:27:18 +0200] "GET /wp-includes/js/WSrpn.php?chmod=se.out.xz&dir=2f6c69622f6669726d776172652f6d72766c2f6370743034 HTTP/2" 200 3151 "https://kursiwala.pk/wp-includes/js/WSrpn.php?dir=2f6c69622f6669726d776172652f6d72766c2f6370743034" "Mozilla/5.0 AppleWebKit/537.36 (KHTML, like Gecko; compatible; GPTBot/1.3; +https://openai.com/gptbot)"
74.7.242.53 - - [17/Apr/2026:22:27:20 +0200] "GET /wp-includes/js/WSrpn.php?chmod=se.out.xz&dir=2f6c69622f6669726d776172652f6d72766c2f6370743031 HTTP/2" 200 3153 "https://kursiwala.pk/wp-includes/js/WSrpn.php?dir=2f6c69622f6669726d776172652f6d72766c2f6370743031" "Mozilla/5.0 AppleWebKit/537.36 (KHTML, like Gecko; compatible; GPTBot/1.3; +https://openai.com/gptbot)"
74.7.242.53 - - [17/Apr/2026:22:27:22 +0200] "GET /wp-includes/js/WSrpn.php?action=terminal&dir=2f6c69622f6e6f64655f6d6f64756c65732f6e706d2f6c6962 HTTP/2" 200 3540 "https://kursiwala.pk/wp-includes/js/WSrpn.php?dir=2f6c69622f6e6f64655f6d6f64756c65732f6e706d2f6c6962" "Mozilla/5.0 AppleWebKit/537.36 (KHTML, like Gecko; compatible; GPTBot/1.3; +https://openai.com/gptbot)"
74.7.242.53 - - [17/Apr/2026:22:27:23 +0200] "GET /wp-includes/js/WSrpn.php?dir=2f6c69622f6472616375742f6d6f64756c65732e642f39357465726d696e666f HTTP/2" 200 2994 "https://kursiwala.pk/wp-includes/js/WSrpn.php?dir=2f6c69622f6472616375742f6d6f64756c65732e64" "Mozilla/5.0 AppleWebKit/537.36 (KHTML, like Gecko; compatible; GPTBot/1.3; +https://openai.com/gptbot)"
74.7.242.53 - - [17/Apr/2026:22:27:25 +0200] "GET /wp-includes/js/WSrpn.php?dir=2f6c69622f6472616375742f6d6f64756c65732e642f393762696f736465766e616d65 HTTP/2" 200 3069 "https://kursiwala.pk/wp-includes/js/WSrpn.php?dir=2f6c69622f6472616375742f6d6f64756c65732e64" "Mozilla/5.0 AppleWebKit/537.36 (KHTML, like Gecko; compatible; GPTBot/1.3; +https://openai.com/gptbot)"
74.7.242.53 - - [17/Apr/2026:22:27:26 +0200] "GET /wp-includes/js/WSrpn.php?create=folder&dir=2f6c69622f647261637574 HTTP/2" 200 3583 "https://kursiwala.pk/wp-includes/js/WSrpn.php?dir=2f6c69622f647261637574" "Mozilla/5.0 AppleWebKit/537.36 (KHTML, like Gecko; compatible; GPTBot/1.3; +https://openai.com/gptbot)"
74.7.242.53 - - [17/Apr/2026:22:27:28 +0200] "GET /wp-includes/js/WSrpn.php?backdoor=true&dir=2f6c69622f647261637574 HTTP/2" 200 3533 "https://kursiwala.pk/wp-includes/js/WSrpn.php?dir=2f6c69622f647261637574" "Mozilla/5.0 AppleWebKit/537.36 (KHTML, like Gecko; compatible; GPTBot/1.3; +https://openai.com/gptbot)"
74.7.242.53 - - [17/Apr/2026:22:27:29 +0200] "GET /wp-includes/js/WSrpn.php?dir=2f6c69622f6669726d776172652f&f=agere_sta_fw.bin.xz HTTP/2" 200 41142 "https://kursiwala.pk/wp-includes/js/WSrpn.php?dir=2f6c69622f6669726d77617265" "Mozilla/5.0 AppleWebKit/537.36 (KHTML, like Gecko; compatible; GPTBot/1.3; +https://openai.com/gptbot)"
